{"id":13783,"date":"2016-05-30T15:50:49","date_gmt":"2016-05-30T13:50:49","guid":{"rendered":"http:\/\/www.vom-taubertal.de\/blog\/?page_id=13783"},"modified":"2017-12-06T18:25:55","modified_gmt":"2017-12-06T16:25:55","slug":"teilnahmebedingungen-facebook-timeline-gewinnspiel","status":"publish","type":"page","link":"https:\/\/www.vom-taubertal.de\/blog\/teilnahmebedingungen-facebook-timeline-gewinnspiel\/","title":{"rendered":"Teilnahmebedingungen Facebook Timeline-Gewinnspiel"},"content":{"rendered":"<div id=\"ez-toc-container\" class=\"ez-toc-v2_0_82_2 counter-hierarchy ez-toc-counter ez-toc-grey ez-toc-container-direction\">\n<div class=\"ez-toc-title-container\">\n<p class=\"ez-toc-title\" style=\"cursor:inherit\">Inhaltsverzeichnis<\/p>\n<span class=\"ez-toc-title-toggle\"><a href=\"#\" class=\"ez-toc-pull-right ez-toc-btn ez-toc-btn-xs ez-toc-btn-default ez-toc-toggle\" aria-label=\"Toggle Table of Content\"><span class=\"ez-toc-js-icon-con\"><span class=\"\"><span class=\"eztoc-hide\" style=\"display:none;\">Toggle<\/span><span class=\"ez-toc-icon-toggle-span\"><svg style=\"fill: #999;color:#999\" xmlns=\"http:\/\/www.w3.org\/2000\/svg\" class=\"list-377408\" width=\"20px\" height=\"20px\" viewBox=\"0 0 24 24\" fill=\"none\"><path d=\"M6 6H4v2h2V6zm14 0H8v2h12V6zM4 11h2v2H4v-2zm16 0H8v2h12v-2zM4 16h2v2H4v-2zm16 0H8v2h12v-2z\" fill=\"currentColor\"><\/path><\/svg><svg style=\"fill: #999;color:#999\" class=\"arrow-unsorted-368013\" xmlns=\"http:\/\/www.w3.org\/2000\/svg\" width=\"10px\" height=\"10px\" viewBox=\"0 0 24 24\" version=\"1.2\" baseProfile=\"tiny\"><path d=\"M18.2 9.3l-6.2-6.3-6.2 6.3c-.2.2-.3.4-.3.7s.1.5.3.7c.2.2.4.3.7.3h11c.3 0 .5-.1.7-.3.2-.2.3-.5.3-.7s-.1-.5-.3-.7zM5.8 14.7l6.2 6.3 6.2-6.3c.2-.2.3-.5.3-.7s-.1-.5-.3-.7c-.2-.2-.4-.3-.7-.3h-11c-.3 0-.5.1-.7.3-.2.2-.3.5-.3.7s.1.5.3.7z\"\/><\/svg><\/span><\/span><\/span><\/a><\/span><\/div>\n<nav><ul class='ez-toc-list ez-toc-list-level-1 ' ><li class='ez-toc-page-1 ez-toc-heading-level-3'><a class=\"ez-toc-link ez-toc-heading-1\" href=\"https:\/\/www.vom-taubertal.de\/blog\/teilnahmebedingungen-facebook-timeline-gewinnspiel\/#Teilnahmebedingungen_Facebook_Timeline-Gewinnspiel\" >Teilnahmebedingungen Facebook Timeline-Gewinnspiel<\/a><\/li><li class='ez-toc-page-1 ez-toc-heading-level-3'><a class=\"ez-toc-link ez-toc-heading-2\" href=\"https:\/\/www.vom-taubertal.de\/blog\/teilnahmebedingungen-facebook-timeline-gewinnspiel\/#Teilnahmebedingungen\" >Teilnahmebedingungen:<\/a><ul class='ez-toc-list-level-5' ><li class='ez-toc-heading-level-5'><ul class='ez-toc-list-level-5' ><li class='ez-toc-heading-level-5'><a class=\"ez-toc-link ez-toc-heading-3\" href=\"https:\/\/www.vom-taubertal.de\/blog\/teilnahmebedingungen-facebook-timeline-gewinnspiel\/#Preise\" >Preise:<\/a><\/li><li class='ez-toc-page-1 ez-toc-heading-level-5'><a class=\"ez-toc-link ez-toc-heading-4\" href=\"https:\/\/www.vom-taubertal.de\/blog\/teilnahmebedingungen-facebook-timeline-gewinnspiel\/#Inanspruchnahme_der_Preise\" >Inanspruchnahme der Preise:<\/a><\/li><li class='ez-toc-page-1 ez-toc-heading-level-5'><a class=\"ez-toc-link ez-toc-heading-5\" href=\"https:\/\/www.vom-taubertal.de\/blog\/teilnahmebedingungen-facebook-timeline-gewinnspiel\/#Beendigungsmoeglichkeit\" >Beendigungsm\u00f6glichkeit:<\/a><\/li><li class='ez-toc-page-1 ez-toc-heading-level-5'><a class=\"ez-toc-link ez-toc-heading-6\" href=\"https:\/\/www.vom-taubertal.de\/blog\/teilnahmebedingungen-facebook-timeline-gewinnspiel\/#Verantwortlicher\" >Verantwortlicher:<\/a><\/li><li class='ez-toc-page-1 ez-toc-heading-level-5'><a class=\"ez-toc-link ez-toc-heading-7\" href=\"https:\/\/www.vom-taubertal.de\/blog\/teilnahmebedingungen-facebook-timeline-gewinnspiel\/#Rechtsweg\" >Rechtsweg:<\/a><\/li><li class='ez-toc-page-1 ez-toc-heading-level-5'><a class=\"ez-toc-link ez-toc-heading-8\" href=\"https:\/\/www.vom-taubertal.de\/blog\/teilnahmebedingungen-facebook-timeline-gewinnspiel\/#Datenschutz\" >Datenschutz:<\/a><\/li><li class='ez-toc-page-1 ez-toc-heading-level-5'><a class=\"ez-toc-link ez-toc-heading-9\" href=\"https:\/\/www.vom-taubertal.de\/blog\/teilnahmebedingungen-facebook-timeline-gewinnspiel\/#Anwendbares_Recht\" >Anwendbares Recht:<\/a><\/li><\/ul><\/li><\/ul><\/li><\/ul><\/nav><\/div>\n<h3><span class=\"ez-toc-section\" id=\"Teilnahmebedingungen_Facebook_Timeline-Gewinnspiel\"><\/span><strong>Teilnahmebedingungen Facebook Timeline-Gewinnspiel<\/strong><span class=\"ez-toc-section-end\"><\/span><\/h3>\n<p><strong>Veranstalter:<\/strong> Der private Blog <strong>Die Taubertalperser<\/strong> \u2013 <strong><a href=\"https:\/\/www.vom-taubertal.de\">www.vom-taubertal.de<\/a><\/strong><\/p>\n<h3><span class=\"ez-toc-section\" id=\"Teilnahmebedingungen\"><\/span>Teilnahmebedingungen:<span class=\"ez-toc-section-end\"><\/span><\/h3>\n<p>Teilnahmeberechtigt sind Personen mit Wohnsitz in Deutschland, die zum Zeitpunkt der Teilnahme mindestens 18 Jahre alt sind. Es werden keine Gewinne an Teilnehmer unter 18 Jahren ausgesch\u00fcttet. Es sind nur Teilnehmer mit Facebook-Konten erlaubt, welche eine Person mit dem richtigen Namen darstellen. Die Teilnahme mit gef\u00e4lschten Identit\u00e4ten oder mit Identit\u00e4ten von Drittpersonen ist nicht erlaubt.<\/p>\n<p>Die Teilnahme erfolgt \u00fcber die Facebook-Fanseite von <strong>Die Taubertalperser<\/strong>, indem der Teilnehmer den Gewinnspielbeitrag in der Chronik der Fanseite von <strong>Die Taubertalperser<\/strong> mittels der Kommentarfunktion einen Kommentar zum Inhalt des kommentierten Posts oder zum Gewinnspiel abgibt. Aus allen Antworten wird nach Ende des Gewinnspiels der Gewinner ermittelt. Der Gewinner wird von <strong>Die Taubertalperser<\/strong> in einem Kommentar in dem Gewinnspielpost namentlich genannt und verlinkt und somit \u00fcber seinen Gewinn informiert.<\/p>\n<p>Der Gewinner ist anschlie\u00dfend verpflichtet seinen vollen Namen und seine Adresse per privater Nachricht an <strong>Die Taubertalperser<\/strong> zu senden, um den Anspruch an den Gewinn geltend zu machen und die Gewinnversendung einzuleiten.<\/p>\n<h5><span class=\"ez-toc-section\" id=\"Preise\"><\/span>Preise:<span class=\"ez-toc-section-end\"><\/span><\/h5>\n<p>siehe aktuelles Gewinnspiel<\/p>\n<h5><span class=\"ez-toc-section\" id=\"Inanspruchnahme_der_Preise\"><\/span><strong>Inanspruchnahme der Preise:<\/strong><span class=\"ez-toc-section-end\"><\/span><\/h5>\n<p>Der Gewinn wird per Post zugestellt, sobald der Gewinner ermittelt ist.<\/p>\n<h5><span class=\"ez-toc-section\" id=\"Beendigungsmoeglichkeit\"><\/span>Beendigungsm\u00f6glichkeit:<span class=\"ez-toc-section-end\"><\/span><\/h5>\n<p><strong>Die Taubertalperser<\/strong> behalten sich das Recht vor, das Gewinnspiel jederzeit ohne Angaben von Gr\u00fcnden auszusetzen, vorzeitig zu beenden oder abzubrechen. Von diesem Recht wird insbesondere Gebrauch gemacht, wenn eine ordnungsgem\u00e4\u00dfe Durchf\u00fchrung des Gewinnspiels aufgrund technischer oder rechtlicher Gr\u00fcnde nicht gew\u00e4hrleistet ist.<\/p>\n<h5><span class=\"ez-toc-section\" id=\"Verantwortlicher\"><\/span>Verantwortlicher:<span class=\"ez-toc-section-end\"><\/span><\/h5>\n<p>Das Gewinnspiel wird nicht von Facebook unterst\u00fctzt und steht in keiner Verbindung zu Facebook und wird in keiner Weise von Facebook gesponsert, unterst\u00fctzt oder organisiert. &nbsp;Dies ist ein rein privates Gewinnspiel von <strong>Die Taubertalperser<\/strong>.<\/p>\n<h5><span class=\"ez-toc-section\" id=\"Rechtsweg\"><\/span>Rechtsweg:<span class=\"ez-toc-section-end\"><\/span><\/h5>\n<p>Der Rechtsweg ist ausgeschlossen.<\/p>\n<h5><span class=\"ez-toc-section\" id=\"Datenschutz\"><\/span>Datenschutz:<span class=\"ez-toc-section-end\"><\/span><\/h5>\n<p>Mit seiner Teilnahme willigt der Teilnehmer ein, dass seine \u00fcbermittelten Daten ausschlie\u00dflich zum Zwecke der Durchf\u00fchrung des Gewinnspiels gespeichert werden. Nach Beendigung des Gewinnspiels werden die Daten gel\u00f6scht. Pers\u00f6nliche Daten werden nicht f\u00fcr kommerzielle Zwecke gespeichert. Eine Weitergabe an Dritte ist ausgeschlossen. S\u00e4mtliche \u00fcbermittelten Informationen unterliegen den Datenschutzbestimmungen des Veranstalters.<\/p>\n<h5><span class=\"ez-toc-section\" id=\"Anwendbares_Recht\"><\/span>Anwendbares Recht:<span class=\"ez-toc-section-end\"><\/span><\/h5>\n<p>Das Gewinnspiel unterliegt ausschlie\u00dflich dem Recht der Bundesrepublik Deutschland.<br \/>\n<script type=\"text\/javascript\">\n    google_ad_client = \"ca-pub-3363977028533397\";\n    google_ad_slot = \"3730385664\";\n    google_ad_width = 728;\n    google_ad_height = 90;\n<\/script><br \/>\n<!-- Taubertal2 --><br \/>\n<script type=\"text\/javascript\" src=\"\/\/pagead2.googlesyndication.com\/pagead\/show_ads.js\">\n<\/script><\/p>\n","protected":false},"excerpt":{"rendered":"<p>Teilnahmebedingungen Facebook Timeline-Gewinnspiel Veranstalter: Der private Blog Die Taubertalperser \u2013 www.vom-taubertal.de Teilnahmebedingungen: Teilnahmeberechtigt sind Personen mit Wohnsitz in Deutschland, die<\/p>\n","protected":false},"author":1,"featured_media":0,"parent":0,"menu_order":0,"comment_status":"closed","ping_status":"closed","template":"","meta":{"colormag_page_container_layout":"default_layout","colormag_page_sidebar_layout":"default_layout","sfsi_plus_gutenberg_text_before_share":"","sfsi_plus_gutenberg_show_text_before_share":"","sfsi_plus_gutenberg_icon_type":"","sfsi_plus_gutenberg_icon_alignemt":"","sfsi_plus_gutenburg_max_per_row":"","ngg_post_thumbnail":0,"footnotes":""},"class_list":["post-13783","page","type-page","status-publish","hentry"],"yoast_head":"<!-- This site is optimized with the Yoast SEO plugin v27.3 - https:\/\/yoast.com\/product\/yoast-seo-wordpress\/ -->\n<title>Teilnahmebedingungen Facebook Gewinnspiel Taubertalperser<\/title>\n<meta name=\"description\" content=\"Teilnahmebedingungen Facebook Gewinnspiel von Die Taubertalperser\" \/>\n<meta name=\"robots\" content=\"index, follow, max-snippet:-1, max-image-preview:large, max-video-preview:-1\" \/>\n<link rel=\"canonical\" href=\"https:\/\/www.vom-taubertal.de\/blog\/teilnahmebedingungen-facebook-timeline-gewinnspiel\/\" \/>\n<meta property=\"og:locale\" content=\"de_DE\" \/>\n<meta property=\"og:type\" content=\"article\" \/>\n<meta property=\"og:title\" content=\"Teilnahmebedingungen Facebook Gewinnspiel Taubertalperser\" \/>\n<meta property=\"og:description\" content=\"Teilnahmebedingungen Facebook Gewinnspiel von Die Taubertalperser\" \/>\n<meta property=\"og:url\" content=\"https:\/\/www.vom-taubertal.de\/blog\/teilnahmebedingungen-facebook-timeline-gewinnspiel\/\" \/>\n<meta property=\"og:site_name\" content=\"Die Taubertalperser\" \/>\n<meta property=\"article:modified_time\" content=\"2017-12-06T16:25:55+00:00\" \/>\n<meta name=\"twitter:label1\" content=\"Gesch\u00e4tzte Lesezeit\" \/>\n\t<meta name=\"twitter:data1\" content=\"2\u00a0Minuten\" \/>\n<script type=\"application\/ld+json\" class=\"yoast-schema-graph\">{\"@context\":\"https:\\\/\\\/schema.org\",\"@graph\":[{\"@type\":\"WebPage\",\"@id\":\"https:\\\/\\\/www.vom-taubertal.de\\\/blog\\\/teilnahmebedingungen-facebook-timeline-gewinnspiel\\\/\",\"url\":\"https:\\\/\\\/www.vom-taubertal.de\\\/blog\\\/teilnahmebedingungen-facebook-timeline-gewinnspiel\\\/\",\"name\":\"Teilnahmebedingungen Facebook Gewinnspiel Taubertalperser\",\"isPartOf\":{\"@id\":\"https:\\\/\\\/www.vom-taubertal.de\\\/blog\\\/#website\"},\"datePublished\":\"2016-05-30T13:50:49+00:00\",\"dateModified\":\"2017-12-06T16:25:55+00:00\",\"description\":\"Teilnahmebedingungen Facebook Gewinnspiel von Die Taubertalperser\",\"breadcrumb\":{\"@id\":\"https:\\\/\\\/www.vom-taubertal.de\\\/blog\\\/teilnahmebedingungen-facebook-timeline-gewinnspiel\\\/#breadcrumb\"},\"inLanguage\":\"de\",\"potentialAction\":[{\"@type\":\"ReadAction\",\"target\":[\"https:\\\/\\\/www.vom-taubertal.de\\\/blog\\\/teilnahmebedingungen-facebook-timeline-gewinnspiel\\\/\"]}]},{\"@type\":\"BreadcrumbList\",\"@id\":\"https:\\\/\\\/www.vom-taubertal.de\\\/blog\\\/teilnahmebedingungen-facebook-timeline-gewinnspiel\\\/#breadcrumb\",\"itemListElement\":[{\"@type\":\"ListItem\",\"position\":1,\"name\":\"Home\",\"item\":\"https:\\\/\\\/www.vom-taubertal.de\\\/blog\\\/\"},{\"@type\":\"ListItem\",\"position\":2,\"name\":\"Teilnahmebedingungen Facebook Timeline-Gewinnspiel\"}]},{\"@type\":\"WebSite\",\"@id\":\"https:\\\/\\\/www.vom-taubertal.de\\\/blog\\\/#website\",\"url\":\"https:\\\/\\\/www.vom-taubertal.de\\\/blog\\\/\",\"name\":\"Die Taubertalperser\",\"description\":\"Alles \u00fcber und f\u00fcr Katzen \",\"publisher\":{\"@id\":\"https:\\\/\\\/www.vom-taubertal.de\\\/blog\\\/#\\\/schema\\\/person\\\/368654e092f5785df440fe834ecc3049\"},\"potentialAction\":[{\"@type\":\"SearchAction\",\"target\":{\"@type\":\"EntryPoint\",\"urlTemplate\":\"https:\\\/\\\/www.vom-taubertal.de\\\/blog\\\/?s={search_term_string}\"},\"query-input\":{\"@type\":\"PropertyValueSpecification\",\"valueRequired\":true,\"valueName\":\"search_term_string\"}}],\"inLanguage\":\"de\"},{\"@type\":[\"Person\",\"Organization\"],\"@id\":\"https:\\\/\\\/www.vom-taubertal.de\\\/blog\\\/#\\\/schema\\\/person\\\/368654e092f5785df440fe834ecc3049\",\"name\":\"afrank\",\"image\":{\"@type\":\"ImageObject\",\"inLanguage\":\"de\",\"@id\":\"https:\\\/\\\/www.vom-taubertal.de\\\/blog\\\/wp-content\\\/uploads\\\/2019\\\/03\\\/Andrea_Dividi_02.jpg\",\"url\":\"https:\\\/\\\/www.vom-taubertal.de\\\/blog\\\/wp-content\\\/uploads\\\/2019\\\/03\\\/Andrea_Dividi_02.jpg\",\"contentUrl\":\"https:\\\/\\\/www.vom-taubertal.de\\\/blog\\\/wp-content\\\/uploads\\\/2019\\\/03\\\/Andrea_Dividi_02.jpg\",\"width\":653,\"height\":800,\"caption\":\"afrank\"},\"logo\":{\"@id\":\"https:\\\/\\\/www.vom-taubertal.de\\\/blog\\\/wp-content\\\/uploads\\\/2019\\\/03\\\/Andrea_Dividi_02.jpg\"}}]}<\/script>\n<!-- \/ Yoast SEO plugin. -->","yoast_head_json":{"title":"Teilnahmebedingungen Facebook Gewinnspiel Taubertalperser","description":"Teilnahmebedingungen Facebook Gewinnspiel von Die Taubertalperser","robots":{"index":"index","follow":"follow","max-snippet":"max-snippet:-1","max-image-preview":"max-image-preview:large","max-video-preview":"max-video-preview:-1"},"canonical":"https:\/\/www.vom-taubertal.de\/blog\/teilnahmebedingungen-facebook-timeline-gewinnspiel\/","og_locale":"de_DE","og_type":"article","og_title":"Teilnahmebedingungen Facebook Gewinnspiel Taubertalperser","og_description":"Teilnahmebedingungen Facebook Gewinnspiel von Die Taubertalperser","og_url":"https:\/\/www.vom-taubertal.de\/blog\/teilnahmebedingungen-facebook-timeline-gewinnspiel\/","og_site_name":"Die Taubertalperser","article_modified_time":"2017-12-06T16:25:55+00:00","twitter_misc":{"Gesch\u00e4tzte Lesezeit":"2\u00a0Minuten"},"schema":{"@context":"https:\/\/schema.org","@graph":[{"@type":"WebPage","@id":"https:\/\/www.vom-taubertal.de\/blog\/teilnahmebedingungen-facebook-timeline-gewinnspiel\/","url":"https:\/\/www.vom-taubertal.de\/blog\/teilnahmebedingungen-facebook-timeline-gewinnspiel\/","name":"Teilnahmebedingungen Facebook Gewinnspiel Taubertalperser","isPartOf":{"@id":"https:\/\/www.vom-taubertal.de\/blog\/#website"},"datePublished":"2016-05-30T13:50:49+00:00","dateModified":"2017-12-06T16:25:55+00:00","description":"Teilnahmebedingungen Facebook Gewinnspiel von Die Taubertalperser","breadcrumb":{"@id":"https:\/\/www.vom-taubertal.de\/blog\/teilnahmebedingungen-facebook-timeline-gewinnspiel\/#breadcrumb"},"inLanguage":"de","potentialAction":[{"@type":"ReadAction","target":["https:\/\/www.vom-taubertal.de\/blog\/teilnahmebedingungen-facebook-timeline-gewinnspiel\/"]}]},{"@type":"BreadcrumbList","@id":"https:\/\/www.vom-taubertal.de\/blog\/teilnahmebedingungen-facebook-timeline-gewinnspiel\/#breadcrumb","itemListElement":[{"@type":"ListItem","position":1,"name":"Home","item":"https:\/\/www.vom-taubertal.de\/blog\/"},{"@type":"ListItem","position":2,"name":"Teilnahmebedingungen Facebook Timeline-Gewinnspiel"}]},{"@type":"WebSite","@id":"https:\/\/www.vom-taubertal.de\/blog\/#website","url":"https:\/\/www.vom-taubertal.de\/blog\/","name":"Die Taubertalperser","description":"Alles \u00fcber und f\u00fcr Katzen ","publisher":{"@id":"https:\/\/www.vom-taubertal.de\/blog\/#\/schema\/person\/368654e092f5785df440fe834ecc3049"},"potentialAction":[{"@type":"SearchAction","target":{"@type":"EntryPoint","urlTemplate":"https:\/\/www.vom-taubertal.de\/blog\/?s={search_term_string}"},"query-input":{"@type":"PropertyValueSpecification","valueRequired":true,"valueName":"search_term_string"}}],"inLanguage":"de"},{"@type":["Person","Organization"],"@id":"https:\/\/www.vom-taubertal.de\/blog\/#\/schema\/person\/368654e092f5785df440fe834ecc3049","name":"afrank","image":{"@type":"ImageObject","inLanguage":"de","@id":"https:\/\/www.vom-taubertal.de\/blog\/wp-content\/uploads\/2019\/03\/Andrea_Dividi_02.jpg","url":"https:\/\/www.vom-taubertal.de\/blog\/wp-content\/uploads\/2019\/03\/Andrea_Dividi_02.jpg","contentUrl":"https:\/\/www.vom-taubertal.de\/blog\/wp-content\/uploads\/2019\/03\/Andrea_Dividi_02.jpg","width":653,"height":800,"caption":"afrank"},"logo":{"@id":"https:\/\/www.vom-taubertal.de\/blog\/wp-content\/uploads\/2019\/03\/Andrea_Dividi_02.jpg"}}]}},"jetpack_sharing_enabled":true,"_links":{"self":[{"href":"https:\/\/www.vom-taubertal.de\/blog\/wp-json\/wp\/v2\/pages\/13783","targetHints":{"allow":["GET"]}}],"collection":[{"href":"https:\/\/www.vom-taubertal.de\/blog\/wp-json\/wp\/v2\/pages"}],"about":[{"href":"https:\/\/www.vom-taubertal.de\/blog\/wp-json\/wp\/v2\/types\/page"}],"author":[{"embeddable":true,"href":"https:\/\/www.vom-taubertal.de\/blog\/wp-json\/wp\/v2\/users\/1"}],"replies":[{"embeddable":true,"href":"https:\/\/www.vom-taubertal.de\/blog\/wp-json\/wp\/v2\/comments?post=13783"}],"version-history":[{"count":18,"href":"https:\/\/www.vom-taubertal.de\/blog\/wp-json\/wp\/v2\/pages\/13783\/revisions"}],"predecessor-version":[{"id":21344,"href":"https:\/\/www.vom-taubertal.de\/blog\/wp-json\/wp\/v2\/pages\/13783\/revisions\/21344"}],"wp:attachment":[{"href":"https:\/\/www.vom-taubertal.de\/blog\/wp-json\/wp\/v2\/media?parent=13783"}],"curies":[{"name":"wp","href":"https:\/\/api.w.org\/{rel}","templated":true}]}}