{"id":1924,"date":"2013-03-21T21:14:51","date_gmt":"2013-03-21T20:14:51","guid":{"rendered":"http:\/\/www.vom-taubertal.de\/blog\/?page_id=1924"},"modified":"2025-08-15T22:18:57","modified_gmt":"2025-08-15T20:18:57","slug":"links","status":"publish","type":"page","link":"https:\/\/www.vom-taubertal.de\/blog\/links\/","title":{"rendered":"Links"},"content":{"rendered":"<p>Hier werde ich Euch den einen oder anderen wichtigen bzw. interessanten Link pr\u00e4sentieren.<\/p>\n<p>Wenn ihr m\u00f6gt, k\u00f6nnt ihr aber auch gerne meinen Banner auf eurer Webseite platzieren<\/p>\n<p><a href=\"https:\/\/i0.wp.com\/www.vom-taubertal.de\/blog\/wp-content\/uploads\/2024\/10\/Banner.jpg?quality=100&#038;ssl=1\"><img data-recalc-dims=\"1\" loading=\"lazy\" decoding=\"async\" class=\"aligncenter wp-image-39614 size-full\" src=\"https:\/\/i0.wp.com\/www.vom-taubertal.de\/blog\/wp-content\/uploads\/2024\/10\/Banner.jpg?resize=320%2C100&#038;quality=100&#038;ssl=1\" alt=\"Banner Taubertalperser\" width=\"320\" height=\"100\" srcset=\"https:\/\/i0.wp.com\/www.vom-taubertal.de\/blog\/wp-content\/uploads\/2024\/10\/Banner.jpg?w=320&amp;quality=100&amp;ssl=1 320w, https:\/\/i0.wp.com\/www.vom-taubertal.de\/blog\/wp-content\/uploads\/2024\/10\/Banner.jpg?resize=300%2C94&amp;quality=100&amp;ssl=1 300w\" sizes=\"auto, (max-width: 320px) 100vw, 320px\" \/><\/a><\/p>\n<h3>Hier gibt es hochwertiges Katzenfutter:<\/h3>\n<p><a href=\"https:\/\/www.awin1.com\/cread.php?s=3039948&amp;v=22950&amp;q=415746&amp;r=557159\" rel=\"sponsored\"><br \/>\n<img decoding=\"async\" class=\"aligncenter\" src=\"https:\/\/www.awin1.com\/cshow.php?s=3039948&amp;v=22950&amp;q=415746&amp;r=557159\" border=\"0\"><\/a><a href=\"https:\/\/74aa61fa.xantara-partner.de\/\" target=\"_blank\" rel=\"noopener\"><br \/>\n<img data-recalc-dims=\"1\" loading=\"lazy\" decoding=\"async\" class=\"aligncenter wp-image-31661\" src=\"https:\/\/i0.wp.com\/www.vom-taubertal.de\/blog\/wp-content\/uploads\/2021\/05\/Xantara-Banner.jpg?resize=468%2C58&#038;quality=100&#038;ssl=1\" alt=\"Xantara Online Shop\" width=\"468\" height=\"58\" srcset=\"https:\/\/i0.wp.com\/www.vom-taubertal.de\/blog\/wp-content\/uploads\/2021\/05\/Xantara-Banner.jpg?w=728&amp;quality=100&amp;ssl=1 728w, https:\/\/i0.wp.com\/www.vom-taubertal.de\/blog\/wp-content\/uploads\/2021\/05\/Xantara-Banner.jpg?resize=300%2C37&amp;quality=100&amp;ssl=1 300w\" sizes=\"auto, (max-width: 468px) 100vw, 468px\" \/><\/a><br \/>\n<a href=\"https:\/\/www.awin1.com\/cread.php?s=3684294&amp;v=14979&amp;q=494721&amp;r=557159\" rel=\"sponsored\"><br \/>\n<img decoding=\"async\" class=\"aligncenter\" src=\"https:\/\/www.awin1.com\/cshow.php?s=3684294&amp;v=14979&amp;q=494721&amp;r=557159\" border=\"0\"><br \/>\n<\/a><a href=\"https:\/\/www.awin1.com\/cread.php?s=2523850&amp;v=14757&amp;q=377418&amp;r=557159\" rel=\"sponsored\"><img decoding=\"async\" class=\"aligncenter\" src=\"https:\/\/www.awin1.com\/cshow.php?s=2523850&amp;v=14757&amp;q=377418&amp;r=557159\" border=\"0\"><br \/>\n<\/a><a href=\"https:\/\/www.awin1.com\/cread.php?s=2479371&amp;v=17093&amp;q=372757&amp;r=557159\" rel=\"sponsored\"><img decoding=\"async\" class=\"aligncenter\" src=\"https:\/\/www.awin1.com\/cshow.php?s=2479371&amp;v=17093&amp;q=372757&amp;r=557159\" border=\"0\"><\/a><a href=\"https:\/\/www.awin1.com\/cread.php?s=2094336&amp;v=11330&amp;q=329209&amp;r=557159\" rel=\"sponsored\"><br \/>\n<img decoding=\"async\" class=\"aligncenter\" src=\"https:\/\/www.awin1.com\/cshow.php?s=2094336&amp;v=11330&amp;q=329209&amp;r=557159\" border=\"0\"><\/a><a href=\"https:\/\/www.awin1.com\/cread.php?s=2340289&amp;v=14419&amp;q=357220&amp;r=557159\" rel=\"sponsored\"><br \/>\n<img decoding=\"async\" class=\"aligncenter\" src=\"https:\/\/www.awin1.com\/cshow.php?s=2340289&amp;v=14419&amp;q=357220&amp;r=557159\" border=\"0\"><\/a><br \/>\n<a href=\"https:\/\/www.awin1.com\/cread.php?s=2525601&amp;v=14158&amp;q=377601&amp;r=557159\" rel=\"sponsored\"><br \/>\n<img decoding=\"async\" class=\"aligncenter\" src=\"https:\/\/www.awin1.com\/cshow.php?s=2525601&amp;v=14158&amp;q=377601&amp;r=557159\" border=\"0\"><br \/>\n<\/a><br \/>\n<a href=\"https:\/\/www.awin1.com\/cread.php?s=2389283&amp;v=10973&amp;q=322357&amp;r=557159\" rel=\"sponsored\"><br \/>\n<img decoding=\"async\" class=\"aligncenter\" src=\"https:\/\/www.awin1.com\/cshow.php?s=2389283&amp;v=10973&amp;q=322357&amp;r=557159\" border=\"0\"><br \/>\n<\/a><br \/>\nAllen Facebook-Nutzern, oder die, die es noch werden wollen sei dieser Link sehr ans Herz gelegt:<\/p>\n<p><a title=\"Mimikama - Fakes, Hoax und mehr\" href=\"http:\/\/www.mimikama.at\/\" target=\"_blank\" rel=\"noopener\"><img data-recalc-dims=\"1\" loading=\"lazy\" decoding=\"async\" class=\"aligncenter size-full wp-image-1945\" src=\"https:\/\/i0.wp.com\/www.vom-taubertal.de\/blog\/wp-content\/uploads\/2013\/03\/zddk.png?resize=180%2C180&#038;quality=100&#038;ssl=1\" alt=\"zddk\" width=\"180\" height=\"180\" srcset=\"https:\/\/i0.wp.com\/www.vom-taubertal.de\/blog\/wp-content\/uploads\/2013\/03\/zddk.png?w=180&amp;quality=100&amp;ssl=1 180w, https:\/\/i0.wp.com\/www.vom-taubertal.de\/blog\/wp-content\/uploads\/2013\/03\/zddk.png?resize=150%2C150&amp;quality=100&amp;ssl=1 150w\" sizes=\"auto, (max-width: 180px) 100vw, 180px\" \/><\/a><\/p>\n<p>Unser Garten wird gerne best\u00fcckt mit Produkten von<br \/>\n<!-- START ADVERTISER: BALDUR-Garten DE from awin.com --><br \/>\n<a href=\"https:\/\/www.awin1.com\/cread.php?s=2418909&amp;v=13634&amp;q=366414&amp;r=557159\" rel=\"sponsored\"><br \/>\n<img decoding=\"async\" class=\"aligncenter\" src=\"https:\/\/www.awin1.com\/cshow.php?s=2418909&amp;v=13634&amp;q=366414&amp;r=557159\" border=\"0\"><br \/>\n<\/a><br \/>\n<!-- END ADVERTISER: BALDUR-Garten DE from awin.com --><\/p>\n<p><!-- START ADVERTISER: makerist DE from awin.com --><\/p>\n<p><a href=\"https:\/\/www.awin1.com\/cread.php?s=2733568&amp;v=16616&amp;q=357162&amp;r=557159\"><br \/>\n<img decoding=\"async\" src=\"https:\/\/www.awin1.com\/cshow.php?s=2733568&amp;v=16616&amp;q=357162&amp;r=557159\" border=\"0\"><br \/>\n<\/a><\/p>\n<p><!-- END ADVERTISER: makerist DE from awin.com --><\/p>\n","protected":false},"excerpt":{"rendered":"<p>Hier werde ich Euch den einen oder anderen wichtigen bzw. interessanten Link pr\u00e4sentieren. Wenn ihr m\u00f6gt, k\u00f6nnt ihr aber auch<\/p>\n","protected":false},"author":1,"featured_media":0,"parent":0,"menu_order":0,"comment_status":"open","ping_status":"open","template":"","meta":{"colormag_page_container_layout":"default_layout","colormag_page_sidebar_layout":"default_layout","sfsi_plus_gutenberg_text_before_share":"","sfsi_plus_gutenberg_show_text_before_share":"","sfsi_plus_gutenberg_icon_type":"","sfsi_plus_gutenberg_icon_alignemt":"","sfsi_plus_gutenburg_max_per_row":"","ngg_post_thumbnail":0,"footnotes":""},"class_list":["post-1924","page","type-page","status-publish","hentry"],"yoast_head":"<!-- This site is optimized with the Yoast SEO plugin v27.4 - https:\/\/yoast.com\/product\/yoast-seo-wordpress\/ -->\n<title>Links zu Shops f\u00fcr Katzenfutter und mehr - Taubertalperser<\/title>\n<meta name=\"robots\" content=\"index, follow, max-snippet:-1, max-image-preview:large, max-video-preview:-1\" \/>\n<link rel=\"canonical\" href=\"https:\/\/www.vom-taubertal.de\/blog\/links\/\" \/>\n<meta property=\"og:locale\" content=\"de_DE\" \/>\n<meta property=\"og:type\" content=\"article\" \/>\n<meta property=\"og:title\" content=\"Links zu Shops f\u00fcr Katzenfutter und mehr - Taubertalperser\" \/>\n<meta property=\"og:description\" content=\"Hier werde ich Euch den einen oder anderen wichtigen bzw. interessanten Link pr\u00e4sentieren. Wenn ihr m\u00f6gt, k\u00f6nnt ihr aber auch\" \/>\n<meta property=\"og:url\" content=\"https:\/\/www.vom-taubertal.de\/blog\/links\/\" \/>\n<meta property=\"og:site_name\" content=\"Die Taubertalperser\" \/>\n<meta property=\"article:modified_time\" content=\"2025-08-15T20:18:57+00:00\" \/>\n<meta property=\"og:image\" content=\"https:\/\/www.vom-taubertal.de\/blog\/wp-content\/uploads\/2024\/10\/Banner.jpg\" \/>\n<meta name=\"twitter:label1\" content=\"Gesch\u00e4tzte Lesezeit\" \/>\n\t<meta name=\"twitter:data1\" content=\"3\u00a0Minuten\" \/>\n<script type=\"application\/ld+json\" class=\"yoast-schema-graph\">{\"@context\":\"https:\\\/\\\/schema.org\",\"@graph\":[{\"@type\":\"WebPage\",\"@id\":\"https:\\\/\\\/www.vom-taubertal.de\\\/blog\\\/links\\\/\",\"url\":\"https:\\\/\\\/www.vom-taubertal.de\\\/blog\\\/links\\\/\",\"name\":\"Links zu Shops f\u00fcr Katzenfutter und mehr - Taubertalperser\",\"isPartOf\":{\"@id\":\"https:\\\/\\\/www.vom-taubertal.de\\\/blog\\\/#website\"},\"primaryImageOfPage\":{\"@id\":\"https:\\\/\\\/www.vom-taubertal.de\\\/blog\\\/links\\\/#primaryimage\"},\"image\":{\"@id\":\"https:\\\/\\\/www.vom-taubertal.de\\\/blog\\\/links\\\/#primaryimage\"},\"thumbnailUrl\":\"https:\\\/\\\/www.vom-taubertal.de\\\/blog\\\/wp-content\\\/uploads\\\/2024\\\/10\\\/Banner.jpg\",\"datePublished\":\"2013-03-21T20:14:51+00:00\",\"dateModified\":\"2025-08-15T20:18:57+00:00\",\"breadcrumb\":{\"@id\":\"https:\\\/\\\/www.vom-taubertal.de\\\/blog\\\/links\\\/#breadcrumb\"},\"inLanguage\":\"de\",\"potentialAction\":[{\"@type\":\"ReadAction\",\"target\":[\"https:\\\/\\\/www.vom-taubertal.de\\\/blog\\\/links\\\/\"]}]},{\"@type\":\"ImageObject\",\"inLanguage\":\"de\",\"@id\":\"https:\\\/\\\/www.vom-taubertal.de\\\/blog\\\/links\\\/#primaryimage\",\"url\":\"https:\\\/\\\/i0.wp.com\\\/www.vom-taubertal.de\\\/blog\\\/wp-content\\\/uploads\\\/2024\\\/10\\\/Banner.jpg?fit=320%2C100&quality=100&ssl=1\",\"contentUrl\":\"https:\\\/\\\/i0.wp.com\\\/www.vom-taubertal.de\\\/blog\\\/wp-content\\\/uploads\\\/2024\\\/10\\\/Banner.jpg?fit=320%2C100&quality=100&ssl=1\",\"width\":320,\"height\":100,\"caption\":\"Banner Taubertalperser\"},{\"@type\":\"BreadcrumbList\",\"@id\":\"https:\\\/\\\/www.vom-taubertal.de\\\/blog\\\/links\\\/#breadcrumb\",\"itemListElement\":[{\"@type\":\"ListItem\",\"position\":1,\"name\":\"Home\",\"item\":\"https:\\\/\\\/www.vom-taubertal.de\\\/blog\\\/\"},{\"@type\":\"ListItem\",\"position\":2,\"name\":\"Links\"}]},{\"@type\":\"WebSite\",\"@id\":\"https:\\\/\\\/www.vom-taubertal.de\\\/blog\\\/#website\",\"url\":\"https:\\\/\\\/www.vom-taubertal.de\\\/blog\\\/\",\"name\":\"Die Taubertalperser\",\"description\":\"Alles \u00fcber und f\u00fcr Katzen \",\"publisher\":{\"@id\":\"https:\\\/\\\/www.vom-taubertal.de\\\/blog\\\/#\\\/schema\\\/person\\\/368654e092f5785df440fe834ecc3049\"},\"potentialAction\":[{\"@type\":\"SearchAction\",\"target\":{\"@type\":\"EntryPoint\",\"urlTemplate\":\"https:\\\/\\\/www.vom-taubertal.de\\\/blog\\\/?s={search_term_string}\"},\"query-input\":{\"@type\":\"PropertyValueSpecification\",\"valueRequired\":true,\"valueName\":\"search_term_string\"}}],\"inLanguage\":\"de\"},{\"@type\":[\"Person\",\"Organization\"],\"@id\":\"https:\\\/\\\/www.vom-taubertal.de\\\/blog\\\/#\\\/schema\\\/person\\\/368654e092f5785df440fe834ecc3049\",\"name\":\"afrank\",\"image\":{\"@type\":\"ImageObject\",\"inLanguage\":\"de\",\"@id\":\"https:\\\/\\\/www.vom-taubertal.de\\\/blog\\\/wp-content\\\/uploads\\\/2019\\\/03\\\/Andrea_Dividi_02.jpg\",\"url\":\"https:\\\/\\\/www.vom-taubertal.de\\\/blog\\\/wp-content\\\/uploads\\\/2019\\\/03\\\/Andrea_Dividi_02.jpg\",\"contentUrl\":\"https:\\\/\\\/www.vom-taubertal.de\\\/blog\\\/wp-content\\\/uploads\\\/2019\\\/03\\\/Andrea_Dividi_02.jpg\",\"width\":653,\"height\":800,\"caption\":\"afrank\"},\"logo\":{\"@id\":\"https:\\\/\\\/www.vom-taubertal.de\\\/blog\\\/wp-content\\\/uploads\\\/2019\\\/03\\\/Andrea_Dividi_02.jpg\"}}]}<\/script>\n<!-- \/ Yoast SEO plugin. -->","yoast_head_json":{"title":"Links zu Shops f\u00fcr Katzenfutter und mehr - Taubertalperser","robots":{"index":"index","follow":"follow","max-snippet":"max-snippet:-1","max-image-preview":"max-image-preview:large","max-video-preview":"max-video-preview:-1"},"canonical":"https:\/\/www.vom-taubertal.de\/blog\/links\/","og_locale":"de_DE","og_type":"article","og_title":"Links zu Shops f\u00fcr Katzenfutter und mehr - Taubertalperser","og_description":"Hier werde ich Euch den einen oder anderen wichtigen bzw. interessanten Link pr\u00e4sentieren. Wenn ihr m\u00f6gt, k\u00f6nnt ihr aber auch","og_url":"https:\/\/www.vom-taubertal.de\/blog\/links\/","og_site_name":"Die Taubertalperser","article_modified_time":"2025-08-15T20:18:57+00:00","og_image":[{"url":"https:\/\/www.vom-taubertal.de\/blog\/wp-content\/uploads\/2024\/10\/Banner.jpg","type":"","width":"","height":""}],"twitter_misc":{"Gesch\u00e4tzte Lesezeit":"3\u00a0Minuten"},"schema":{"@context":"https:\/\/schema.org","@graph":[{"@type":"WebPage","@id":"https:\/\/www.vom-taubertal.de\/blog\/links\/","url":"https:\/\/www.vom-taubertal.de\/blog\/links\/","name":"Links zu Shops f\u00fcr Katzenfutter und mehr - Taubertalperser","isPartOf":{"@id":"https:\/\/www.vom-taubertal.de\/blog\/#website"},"primaryImageOfPage":{"@id":"https:\/\/www.vom-taubertal.de\/blog\/links\/#primaryimage"},"image":{"@id":"https:\/\/www.vom-taubertal.de\/blog\/links\/#primaryimage"},"thumbnailUrl":"https:\/\/www.vom-taubertal.de\/blog\/wp-content\/uploads\/2024\/10\/Banner.jpg","datePublished":"2013-03-21T20:14:51+00:00","dateModified":"2025-08-15T20:18:57+00:00","breadcrumb":{"@id":"https:\/\/www.vom-taubertal.de\/blog\/links\/#breadcrumb"},"inLanguage":"de","potentialAction":[{"@type":"ReadAction","target":["https:\/\/www.vom-taubertal.de\/blog\/links\/"]}]},{"@type":"ImageObject","inLanguage":"de","@id":"https:\/\/www.vom-taubertal.de\/blog\/links\/#primaryimage","url":"https:\/\/i0.wp.com\/www.vom-taubertal.de\/blog\/wp-content\/uploads\/2024\/10\/Banner.jpg?fit=320%2C100&quality=100&ssl=1","contentUrl":"https:\/\/i0.wp.com\/www.vom-taubertal.de\/blog\/wp-content\/uploads\/2024\/10\/Banner.jpg?fit=320%2C100&quality=100&ssl=1","width":320,"height":100,"caption":"Banner Taubertalperser"},{"@type":"BreadcrumbList","@id":"https:\/\/www.vom-taubertal.de\/blog\/links\/#breadcrumb","itemListElement":[{"@type":"ListItem","position":1,"name":"Home","item":"https:\/\/www.vom-taubertal.de\/blog\/"},{"@type":"ListItem","position":2,"name":"Links"}]},{"@type":"WebSite","@id":"https:\/\/www.vom-taubertal.de\/blog\/#website","url":"https:\/\/www.vom-taubertal.de\/blog\/","name":"Die Taubertalperser","description":"Alles \u00fcber und f\u00fcr Katzen ","publisher":{"@id":"https:\/\/www.vom-taubertal.de\/blog\/#\/schema\/person\/368654e092f5785df440fe834ecc3049"},"potentialAction":[{"@type":"SearchAction","target":{"@type":"EntryPoint","urlTemplate":"https:\/\/www.vom-taubertal.de\/blog\/?s={search_term_string}"},"query-input":{"@type":"PropertyValueSpecification","valueRequired":true,"valueName":"search_term_string"}}],"inLanguage":"de"},{"@type":["Person","Organization"],"@id":"https:\/\/www.vom-taubertal.de\/blog\/#\/schema\/person\/368654e092f5785df440fe834ecc3049","name":"afrank","image":{"@type":"ImageObject","inLanguage":"de","@id":"https:\/\/www.vom-taubertal.de\/blog\/wp-content\/uploads\/2019\/03\/Andrea_Dividi_02.jpg","url":"https:\/\/www.vom-taubertal.de\/blog\/wp-content\/uploads\/2019\/03\/Andrea_Dividi_02.jpg","contentUrl":"https:\/\/www.vom-taubertal.de\/blog\/wp-content\/uploads\/2019\/03\/Andrea_Dividi_02.jpg","width":653,"height":800,"caption":"afrank"},"logo":{"@id":"https:\/\/www.vom-taubertal.de\/blog\/wp-content\/uploads\/2019\/03\/Andrea_Dividi_02.jpg"}}]}},"jetpack_sharing_enabled":true,"_links":{"self":[{"href":"https:\/\/www.vom-taubertal.de\/blog\/wp-json\/wp\/v2\/pages\/1924","targetHints":{"allow":["GET"]}}],"collection":[{"href":"https:\/\/www.vom-taubertal.de\/blog\/wp-json\/wp\/v2\/pages"}],"about":[{"href":"https:\/\/www.vom-taubertal.de\/blog\/wp-json\/wp\/v2\/types\/page"}],"author":[{"embeddable":true,"href":"https:\/\/www.vom-taubertal.de\/blog\/wp-json\/wp\/v2\/users\/1"}],"replies":[{"embeddable":true,"href":"https:\/\/www.vom-taubertal.de\/blog\/wp-json\/wp\/v2\/comments?post=1924"}],"version-history":[{"count":36,"href":"https:\/\/www.vom-taubertal.de\/blog\/wp-json\/wp\/v2\/pages\/1924\/revisions"}],"predecessor-version":[{"id":45310,"href":"https:\/\/www.vom-taubertal.de\/blog\/wp-json\/wp\/v2\/pages\/1924\/revisions\/45310"}],"wp:attachment":[{"href":"https:\/\/www.vom-taubertal.de\/blog\/wp-json\/wp\/v2\/media?parent=1924"}],"curies":[{"name":"wp","href":"https:\/\/api.w.org\/{rel}","templated":true}]}}