{"id":20987,"date":"2017-11-15T21:14:38","date_gmt":"2017-11-15T19:14:38","guid":{"rendered":"http:\/\/www.vom-taubertal.de\/blog\/?page_id=20987"},"modified":"2017-11-15T21:24:27","modified_gmt":"2017-11-15T19:24:27","slug":"back-to-nature-taubertalperser","status":"publish","type":"page","link":"https:\/\/www.vom-taubertal.de\/blog\/back-to-nature-taubertalperser\/","title":{"rendered":"Back to Nature &#8211; Taubertalperser"},"content":{"rendered":"<p>Hier sind s\u00e4mtliche Tests, die wir durchgef\u00fchrt haben deren Ausgangsmaterialen nat\u00fcrliche Materialien sind.<\/p>\n<p>Sei es zum kuscheln und schlafen oder aber wildem hinterherjagen.<\/p>\n<table width=\"648\">\n<tbody>\n<tr>\n<td width=\"80\"><img data-recalc-dims=\"1\" loading=\"lazy\" decoding=\"async\" class=\"size-full wp-image-20291 alignleft\" src=\"https:\/\/i0.wp.com\/www.vom-taubertal.de\/blog\/wp-content\/uploads\/2017\/09\/instinct.jpg?resize=132%2C88&#038;quality=100&#038;ssl=1\" alt=\"\" width=\"132\" height=\"88\" srcset=\"https:\/\/i0.wp.com\/www.vom-taubertal.de\/blog\/wp-content\/uploads\/2017\/09\/instinct.jpg?w=132&amp;quality=100&amp;ssl=1 132w, https:\/\/i0.wp.com\/www.vom-taubertal.de\/blog\/wp-content\/uploads\/2017\/09\/instinct.jpg?resize=130%2C88&amp;quality=100&amp;ssl=1 130w\" sizes=\"auto, (max-width: 132px) 100vw, 132px\" \/><\/td>\n<td width=\"568\"><a href=\"https:\/\/www.vom-taubertal.de\/blog\/produktvorstellung-back-to-instinct-aktiv-teppich-taubertalperser\/\" target=\"_blank\" >Back to instinct active Teppich<\/a><\/td>\n<\/tr>\n<tr>\n<td><img data-recalc-dims=\"1\" loading=\"lazy\" decoding=\"async\" class=\"size-full wp-image-20267 alignleft\" src=\"https:\/\/i0.wp.com\/www.vom-taubertal.de\/blog\/wp-content\/uploads\/2017\/09\/Heubett.jpg?resize=132%2C88&#038;quality=100&#038;ssl=1\" alt=\"\" width=\"132\" height=\"88\" srcset=\"https:\/\/i0.wp.com\/www.vom-taubertal.de\/blog\/wp-content\/uploads\/2017\/09\/Heubett.jpg?w=132&amp;quality=100&amp;ssl=1 132w, https:\/\/i0.wp.com\/www.vom-taubertal.de\/blog\/wp-content\/uploads\/2017\/09\/Heubett.jpg?resize=130%2C88&amp;quality=100&amp;ssl=1 130w\" sizes=\"auto, (max-width: 132px) 100vw, 132px\" \/><\/td>\n<td><a href=\"https:\/\/www.vom-taubertal.de\/blog\/produktvorstellung-bio-heubett-sweet-dreams-taubertalperser\/\" target=\"_blank\" >Bio-Heubett Sweet Dreams<\/a><\/td>\n<\/tr>\n<tr>\n<td><img data-recalc-dims=\"1\" loading=\"lazy\" decoding=\"async\" class=\"alignleft size-full wp-image-20990\" src=\"https:\/\/i0.wp.com\/www.vom-taubertal.de\/blog\/wp-content\/uploads\/2017\/11\/Bumblebee.jpg?resize=132%2C88&#038;quality=100&#038;ssl=1\" alt=\"\" width=\"132\" height=\"88\" srcset=\"https:\/\/i0.wp.com\/www.vom-taubertal.de\/blog\/wp-content\/uploads\/2017\/11\/Bumblebee.jpg?w=132&amp;quality=100&amp;ssl=1 132w, https:\/\/i0.wp.com\/www.vom-taubertal.de\/blog\/wp-content\/uploads\/2017\/11\/Bumblebee.jpg?resize=130%2C88&amp;quality=100&amp;ssl=1 130w\" sizes=\"auto, (max-width: 132px) 100vw, 132px\" \/><\/td>\n<td><a href=\"https:\/\/www.vom-taubertal.de\/blog\/bumblebee-flieg-hummelchen-flieg\/\" target=\"_blank\" >Bumblebee &#8211; Spieleangel<\/a><\/td>\n<\/tr>\n<tr>\n<td><img data-recalc-dims=\"1\" loading=\"lazy\" decoding=\"async\" class=\"alignleft size-full wp-image-20991\" src=\"https:\/\/i0.wp.com\/www.vom-taubertal.de\/blog\/wp-content\/uploads\/2017\/11\/firebomb.jpg?resize=132%2C88&#038;quality=100&#038;ssl=1\" alt=\"\" width=\"132\" height=\"88\" srcset=\"https:\/\/i0.wp.com\/www.vom-taubertal.de\/blog\/wp-content\/uploads\/2017\/11\/firebomb.jpg?w=132&amp;quality=100&amp;ssl=1 132w, https:\/\/i0.wp.com\/www.vom-taubertal.de\/blog\/wp-content\/uploads\/2017\/11\/firebomb.jpg?resize=130%2C88&amp;quality=100&amp;ssl=1 130w\" sizes=\"auto, (max-width: 132px) 100vw, 132px\" \/><\/td>\n<td><a href=\"https:\/\/www.vom-taubertal.de\/blog\/produktvorstellung-filzangel-firebomb-purrmania\/\" target=\"_blank\" >Filzangel Firebomb &#8211; Purrmania&nbsp;<\/a><\/td>\n<\/tr>\n<tr>\n<td><img data-recalc-dims=\"1\" loading=\"lazy\" decoding=\"async\" class=\"alignleft size-full wp-image-20992\" src=\"https:\/\/i0.wp.com\/www.vom-taubertal.de\/blog\/wp-content\/uploads\/2017\/11\/happyroll.jpg?resize=132%2C88&#038;quality=100&#038;ssl=1\" alt=\"\" width=\"132\" height=\"88\" srcset=\"https:\/\/i0.wp.com\/www.vom-taubertal.de\/blog\/wp-content\/uploads\/2017\/11\/happyroll.jpg?w=132&amp;quality=100&amp;ssl=1 132w, https:\/\/i0.wp.com\/www.vom-taubertal.de\/blog\/wp-content\/uploads\/2017\/11\/happyroll.jpg?resize=130%2C88&amp;quality=100&amp;ssl=1 130w\" sizes=\"auto, (max-width: 132px) 100vw, 132px\" \/><\/td>\n<td><a href=\"https:\/\/www.vom-taubertal.de\/blog\/roll-baby-roll-happy-roll-von-purrmania\/\" target=\"_blank\" >Happy roll &#8211; Purrmania<\/a><\/td>\n<\/tr>\n<tr>\n<td><img data-recalc-dims=\"1\" loading=\"lazy\" decoding=\"async\" class=\"alignleft size-full wp-image-20993\" src=\"https:\/\/i0.wp.com\/www.vom-taubertal.de\/blog\/wp-content\/uploads\/2017\/11\/hellofitzi.jpg?resize=132%2C88&#038;quality=100&#038;ssl=1\" alt=\"\" width=\"132\" height=\"88\" srcset=\"https:\/\/i0.wp.com\/www.vom-taubertal.de\/blog\/wp-content\/uploads\/2017\/11\/hellofitzi.jpg?w=132&amp;quality=100&amp;ssl=1 132w, https:\/\/i0.wp.com\/www.vom-taubertal.de\/blog\/wp-content\/uploads\/2017\/11\/hellofitzi.jpg?resize=130%2C88&amp;quality=100&amp;ssl=1 130w\" sizes=\"auto, (max-width: 132px) 100vw, 132px\" \/><\/td>\n<td><a href=\"https:\/\/www.vom-taubertal.de\/blog\/produktvorstellung-hello-fitzi-purrmania\/\" target=\"_blank\" >Hello Fitzi Katzenangel&nbsp;<\/a><\/td>\n<\/tr>\n<tr>\n<td><img data-recalc-dims=\"1\" loading=\"lazy\" decoding=\"async\" class=\"alignleft size-full wp-image-20994\" src=\"https:\/\/i0.wp.com\/www.vom-taubertal.de\/blog\/wp-content\/uploads\/2017\/11\/kaetts.jpg?resize=132%2C88&#038;quality=100&#038;ssl=1\" alt=\"\" width=\"132\" height=\"88\" srcset=\"https:\/\/i0.wp.com\/www.vom-taubertal.de\/blog\/wp-content\/uploads\/2017\/11\/kaetts.jpg?w=132&amp;quality=100&amp;ssl=1 132w, https:\/\/i0.wp.com\/www.vom-taubertal.de\/blog\/wp-content\/uploads\/2017\/11\/kaetts.jpg?resize=130%2C88&amp;quality=100&amp;ssl=1 130w\" sizes=\"auto, (max-width: 132px) 100vw, 132px\" \/><\/td>\n<td><a href=\"https:\/\/www.vom-taubertal.de\/blog\/produkttest-kaetts-dass-etwas-andere-katzenspielzeug\/\" target=\"_blank\" >Kaetts &#8211; Katzenangel<\/a><\/td>\n<\/tr>\n<tr>\n<td><img data-recalc-dims=\"1\" loading=\"lazy\" decoding=\"async\" class=\"alignleft size-full wp-image-20996\" src=\"https:\/\/i0.wp.com\/www.vom-taubertal.de\/blog\/wp-content\/uploads\/2017\/11\/fisch.jpg?resize=132%2C88&#038;quality=100&#038;ssl=1\" alt=\"\" width=\"132\" height=\"88\" srcset=\"https:\/\/i0.wp.com\/www.vom-taubertal.de\/blog\/wp-content\/uploads\/2017\/11\/fisch.jpg?w=132&amp;quality=100&amp;ssl=1 132w, https:\/\/i0.wp.com\/www.vom-taubertal.de\/blog\/wp-content\/uploads\/2017\/11\/fisch.jpg?resize=130%2C88&amp;quality=100&amp;ssl=1 130w\" sizes=\"auto, (max-width: 132px) 100vw, 132px\" \/><\/td>\n<td><a href=\"https:\/\/www.vom-taubertal.de\/blog\/produktvorstellung-little-fish-knautschfisch-von-purrmania\/\" target=\"_blank\" >Little Fish Knautschfisch<\/a><\/td>\n<\/tr>\n<tr>\n<td><img data-recalc-dims=\"1\" loading=\"lazy\" decoding=\"async\" class=\"alignleft size-full wp-image-20995\" src=\"https:\/\/i0.wp.com\/www.vom-taubertal.de\/blog\/wp-content\/uploads\/2017\/11\/nepal.jpg?resize=132%2C88&#038;quality=100&#038;ssl=1\" alt=\"\" width=\"132\" height=\"88\" srcset=\"https:\/\/i0.wp.com\/www.vom-taubertal.de\/blog\/wp-content\/uploads\/2017\/11\/nepal.jpg?w=132&amp;quality=100&amp;ssl=1 132w, https:\/\/i0.wp.com\/www.vom-taubertal.de\/blog\/wp-content\/uploads\/2017\/11\/nepal.jpg?resize=130%2C88&amp;quality=100&amp;ssl=1 130w\" sizes=\"auto, (max-width: 132px) 100vw, 132px\" \/><\/td>\n<td><a href=\"https:\/\/www.vom-taubertal.de\/blog\/produktvorstellung-nepal-collection-purrmania\/\" target=\"_blank\" >Nepal Collection<\/a><\/td>\n<\/tr>\n<tr>\n<td><img data-recalc-dims=\"1\" loading=\"lazy\" decoding=\"async\" class=\"alignleft size-full wp-image-20998\" src=\"https:\/\/i0.wp.com\/www.vom-taubertal.de\/blog\/wp-content\/uploads\/2017\/11\/rainbowball.jpg?resize=132%2C88&#038;quality=100&#038;ssl=1\" alt=\"\" width=\"132\" height=\"88\" srcset=\"https:\/\/i0.wp.com\/www.vom-taubertal.de\/blog\/wp-content\/uploads\/2017\/11\/rainbowball.jpg?w=132&amp;quality=100&amp;ssl=1 132w, https:\/\/i0.wp.com\/www.vom-taubertal.de\/blog\/wp-content\/uploads\/2017\/11\/rainbowball.jpg?resize=130%2C88&amp;quality=100&amp;ssl=1 130w\" sizes=\"auto, (max-width: 132px) 100vw, 132px\" \/><\/td>\n<td><a href=\"https:\/\/www.vom-taubertal.de\/blog\/produktvorstellung-filz-rasselball-rainbow-ball\/\" target=\"_blank\" >Rainbow &#8211; Filzrasselball<\/a><\/td>\n<\/tr>\n<tr>\n<td><img data-recalc-dims=\"1\" loading=\"lazy\" decoding=\"async\" class=\"size-full wp-image-20989 alignleft\" src=\"https:\/\/i0.wp.com\/www.vom-taubertal.de\/blog\/wp-content\/uploads\/2017\/11\/realxwiese.jpg?resize=132%2C88&#038;quality=100&#038;ssl=1\" alt=\"\" width=\"132\" height=\"88\" srcset=\"https:\/\/i0.wp.com\/www.vom-taubertal.de\/blog\/wp-content\/uploads\/2017\/11\/realxwiese.jpg?w=132&amp;quality=100&amp;ssl=1 132w, https:\/\/i0.wp.com\/www.vom-taubertal.de\/blog\/wp-content\/uploads\/2017\/11\/realxwiese.jpg?resize=130%2C88&amp;quality=100&amp;ssl=1 130w\" sizes=\"auto, (max-width: 132px) 100vw, 132px\" \/><\/td>\n<td><a href=\"https:\/\/www.vom-taubertal.de\/blog\/produktvorstellung-relax-wiese-von-jr-farm-taubertalperser\/\" target=\"_blank\" >Relax Wiese<\/a><\/td>\n<\/tr>\n<tr>\n<td><img data-recalc-dims=\"1\" loading=\"lazy\" decoding=\"async\" class=\"alignleft size-full wp-image-20997\" src=\"https:\/\/i0.wp.com\/www.vom-taubertal.de\/blog\/wp-content\/uploads\/2017\/11\/sheepypad.jpg?resize=132%2C88&#038;quality=100&#038;ssl=1\" alt=\"\" width=\"132\" height=\"88\" srcset=\"https:\/\/i0.wp.com\/www.vom-taubertal.de\/blog\/wp-content\/uploads\/2017\/11\/sheepypad.jpg?w=132&amp;quality=100&amp;ssl=1 132w, https:\/\/i0.wp.com\/www.vom-taubertal.de\/blog\/wp-content\/uploads\/2017\/11\/sheepypad.jpg?resize=130%2C88&amp;quality=100&amp;ssl=1 130w\" sizes=\"auto, (max-width: 132px) 100vw, 132px\" \/><\/td>\n<td><a href=\"https:\/\/www.vom-taubertal.de\/blog\/produktvorstellung-sheepy-pad-purrmania\/\" target=\"_blank\" >Sheepy Pad &#8211; Purrmania<\/a><\/td>\n<\/tr>\n<tr>\n<td><img data-recalc-dims=\"1\" loading=\"lazy\" decoding=\"async\" class=\"alignleft size-full wp-image-20999\" src=\"https:\/\/i0.wp.com\/www.vom-taubertal.de\/blog\/wp-content\/uploads\/2017\/11\/shrimp.jpg?resize=132%2C88&#038;quality=100&#038;ssl=1\" alt=\"\" width=\"132\" height=\"88\" srcset=\"https:\/\/i0.wp.com\/www.vom-taubertal.de\/blog\/wp-content\/uploads\/2017\/11\/shrimp.jpg?w=132&amp;quality=100&amp;ssl=1 132w, https:\/\/i0.wp.com\/www.vom-taubertal.de\/blog\/wp-content\/uploads\/2017\/11\/shrimp.jpg?resize=130%2C88&amp;quality=100&amp;ssl=1 130w\" sizes=\"auto, (max-width: 132px) 100vw, 132px\" \/><\/td>\n<td><a href=\"https:\/\/www.vom-taubertal.de\/blog\/produktvorstellung-katzenangel-shrimp-purrmania\/\" target=\"_blank\" >Shrimp Katzenangel<\/a><\/td>\n<\/tr>\n<tr>\n<td><img data-recalc-dims=\"1\" loading=\"lazy\" decoding=\"async\" class=\"alignleft size-full wp-image-21000\" src=\"https:\/\/i0.wp.com\/www.vom-taubertal.de\/blog\/wp-content\/uploads\/2017\/11\/Siamangel.jpg?resize=132%2C88&#038;quality=100&#038;ssl=1\" alt=\"\" width=\"132\" height=\"88\" srcset=\"https:\/\/i0.wp.com\/www.vom-taubertal.de\/blog\/wp-content\/uploads\/2017\/11\/Siamangel.jpg?w=132&amp;quality=100&amp;ssl=1 132w, https:\/\/i0.wp.com\/www.vom-taubertal.de\/blog\/wp-content\/uploads\/2017\/11\/Siamangel.jpg?resize=130%2C88&amp;quality=100&amp;ssl=1 130w\" sizes=\"auto, (max-width: 132px) 100vw, 132px\" \/><\/td>\n<td><a href=\"https:\/\/www.vom-taubertal.de\/blog\/produktvorstellung-siamangel-purrmania\/\" target=\"_blank\" >Siamangel &#8211; Purrmania<\/a><\/td>\n<\/tr>\n<tr>\n<td><img data-recalc-dims=\"1\" loading=\"lazy\" decoding=\"async\" class=\"alignleft size-full wp-image-21005\" src=\"https:\/\/i0.wp.com\/www.vom-taubertal.de\/blog\/wp-content\/uploads\/2017\/11\/snitch.jpg?resize=132%2C88&#038;quality=100&#038;ssl=1\" alt=\"\" width=\"132\" height=\"88\" srcset=\"https:\/\/i0.wp.com\/www.vom-taubertal.de\/blog\/wp-content\/uploads\/2017\/11\/snitch.jpg?w=132&amp;quality=100&amp;ssl=1 132w, https:\/\/i0.wp.com\/www.vom-taubertal.de\/blog\/wp-content\/uploads\/2017\/11\/snitch.jpg?resize=130%2C88&amp;quality=100&amp;ssl=1 130w\" sizes=\"auto, (max-width: 132px) 100vw, 132px\" \/><\/td>\n<td>S<a href=\"https:\/\/www.vom-taubertal.de\/blog\/produktvorstellung-snitch-von-purrmania\/\" target=\"_blank\" >nitch &#8211; Purrmania<\/a><\/td>\n<\/tr>\n<tr>\n<td><img data-recalc-dims=\"1\" loading=\"lazy\" decoding=\"async\" class=\"alignleft size-full wp-image-21006\" src=\"https:\/\/i0.wp.com\/www.vom-taubertal.de\/blog\/wp-content\/uploads\/2017\/11\/vodoo.jpg?resize=132%2C88&#038;quality=100&#038;ssl=1\" alt=\"\" width=\"132\" height=\"88\" srcset=\"https:\/\/i0.wp.com\/www.vom-taubertal.de\/blog\/wp-content\/uploads\/2017\/11\/vodoo.jpg?w=132&amp;quality=100&amp;ssl=1 132w, https:\/\/i0.wp.com\/www.vom-taubertal.de\/blog\/wp-content\/uploads\/2017\/11\/vodoo.jpg?resize=130%2C88&amp;quality=100&amp;ssl=1 130w\" sizes=\"auto, (max-width: 132px) 100vw, 132px\" \/><\/td>\n<td>S<a href=\"https:\/\/www.vom-taubertal.de\/blog\/produkttest-halloween-special-spider-voodoo\/\" target=\"_blank\" >pider &amp; Vodoo-Puppe<\/a><\/td>\n<\/tr>\n<tr>\n<td><img data-recalc-dims=\"1\" loading=\"lazy\" decoding=\"async\" class=\"alignleft size-full wp-image-21002\" src=\"https:\/\/i0.wp.com\/www.vom-taubertal.de\/blog\/wp-content\/uploads\/2017\/11\/spiral.jpg?resize=132%2C88&#038;quality=100&#038;ssl=1\" alt=\"\" width=\"132\" height=\"88\" srcset=\"https:\/\/i0.wp.com\/www.vom-taubertal.de\/blog\/wp-content\/uploads\/2017\/11\/spiral.jpg?w=132&amp;quality=100&amp;ssl=1 132w, https:\/\/i0.wp.com\/www.vom-taubertal.de\/blog\/wp-content\/uploads\/2017\/11\/spiral.jpg?resize=130%2C88&amp;quality=100&amp;ssl=1 130w\" sizes=\"auto, (max-width: 132px) 100vw, 132px\" \/><\/td>\n<td><a href=\"https:\/\/www.vom-taubertal.de\/blog\/produktvorstellung-spiral-von-purrmania-taubertalperser\/\" target=\"_blank\" >Spiral &#8211; Purrmania<\/a><\/td>\n<\/tr>\n<tr>\n<td><img data-recalc-dims=\"1\" loading=\"lazy\" decoding=\"async\" class=\"alignleft size-full wp-image-21003\" src=\"https:\/\/i0.wp.com\/www.vom-taubertal.de\/blog\/wp-content\/uploads\/2017\/11\/zipfl.jpg?resize=132%2C88&#038;quality=100&#038;ssl=1\" alt=\"\" width=\"132\" height=\"88\" srcset=\"https:\/\/i0.wp.com\/www.vom-taubertal.de\/blog\/wp-content\/uploads\/2017\/11\/zipfl.jpg?w=132&amp;quality=100&amp;ssl=1 132w, https:\/\/i0.wp.com\/www.vom-taubertal.de\/blog\/wp-content\/uploads\/2017\/11\/zipfl.jpg?resize=130%2C88&amp;quality=100&amp;ssl=1 130w\" sizes=\"auto, (max-width: 132px) 100vw, 132px\" \/><\/td>\n<td><a href=\"https:\/\/www.vom-taubertal.de\/blog\/produktvorstellung-trouble-zipfelfilzball-mit-glocke-purrmania\/\" target=\"_blank\" >Trouble &#8211; Zipfelfilzball mit Glocke<\/a><\/td>\n<\/tr>\n<\/tbody>\n<\/table>\n<p><script type=\"text\/javascript\">\n    google_ad_client = \"ca-pub-3363977028533397\";\n    google_ad_slot = \"3730385664\";\n    google_ad_width = 728;\n    google_ad_height = 90;\n<\/script><br \/>\n<!-- Taubertal2 --><br \/>\n<script type=\"text\/javascript\" src=\"\/\/pagead2.googlesyndication.com\/pagead\/show_ads.js\">\n<\/script><\/p>\n","protected":false},"excerpt":{"rendered":"<p>Hier sind s\u00e4mtliche Tests, die wir durchgef\u00fchrt haben deren Ausgangsmaterialen nat\u00fcrliche Materialien sind. Sei es zum kuscheln und schlafen oder<\/p>\n","protected":false},"author":1,"featured_media":20188,"parent":0,"menu_order":0,"comment_status":"closed","ping_status":"closed","template":"","meta":{"colormag_page_container_layout":"default_layout","colormag_page_sidebar_layout":"default_layout","sfsi_plus_gutenberg_text_before_share":"","sfsi_plus_gutenberg_show_text_before_share":"","sfsi_plus_gutenberg_icon_type":"","sfsi_plus_gutenberg_icon_alignemt":"","sfsi_plus_gutenburg_max_per_row":"","ngg_post_thumbnail":0,"footnotes":""},"class_list":["post-20987","page","type-page","status-publish","has-post-thumbnail","hentry"],"yoast_head":"<!-- This site is optimized with the Yoast SEO plugin v27.3 - https:\/\/yoast.com\/product\/yoast-seo-wordpress\/ -->\n<title>Back to Nature - Taubertalperser<\/title>\n<meta name=\"robots\" content=\"index, follow, max-snippet:-1, max-image-preview:large, max-video-preview:-1\" \/>\n<link rel=\"canonical\" href=\"https:\/\/www.vom-taubertal.de\/blog\/back-to-nature-taubertalperser\/\" \/>\n<meta property=\"og:locale\" content=\"de_DE\" \/>\n<meta property=\"og:type\" content=\"article\" \/>\n<meta property=\"og:title\" content=\"Back to Nature - Taubertalperser\" \/>\n<meta property=\"og:description\" content=\"Hier sind s\u00e4mtliche Tests, die wir durchgef\u00fchrt haben deren Ausgangsmaterialen nat\u00fcrliche Materialien sind. Sei es zum kuscheln und schlafen oder\" \/>\n<meta property=\"og:url\" content=\"https:\/\/www.vom-taubertal.de\/blog\/back-to-nature-taubertalperser\/\" \/>\n<meta property=\"og:site_name\" content=\"Die Taubertalperser\" \/>\n<meta property=\"article:modified_time\" content=\"2017-11-15T19:24:27+00:00\" \/>\n<meta property=\"og:image\" content=\"https:\/\/www.vom-taubertal.de\/blog\/wp-content\/uploads\/2013\/01\/nature.jpg\" \/>\n\t<meta property=\"og:image:width\" content=\"595\" \/>\n\t<meta property=\"og:image:height\" content=\"174\" \/>\n\t<meta property=\"og:image:type\" content=\"image\/jpeg\" \/>\n<script type=\"application\/ld+json\" class=\"yoast-schema-graph\">{\"@context\":\"https:\\\/\\\/schema.org\",\"@graph\":[{\"@type\":\"WebPage\",\"@id\":\"https:\\\/\\\/www.vom-taubertal.de\\\/blog\\\/back-to-nature-taubertalperser\\\/\",\"url\":\"https:\\\/\\\/www.vom-taubertal.de\\\/blog\\\/back-to-nature-taubertalperser\\\/\",\"name\":\"Back to Nature - Taubertalperser\",\"isPartOf\":{\"@id\":\"https:\\\/\\\/www.vom-taubertal.de\\\/blog\\\/#website\"},\"primaryImageOfPage\":{\"@id\":\"https:\\\/\\\/www.vom-taubertal.de\\\/blog\\\/back-to-nature-taubertalperser\\\/#primaryimage\"},\"image\":{\"@id\":\"https:\\\/\\\/www.vom-taubertal.de\\\/blog\\\/back-to-nature-taubertalperser\\\/#primaryimage\"},\"thumbnailUrl\":\"https:\\\/\\\/i0.wp.com\\\/www.vom-taubertal.de\\\/blog\\\/wp-content\\\/uploads\\\/2013\\\/01\\\/nature.jpg?fit=595%2C174&quality=100&ssl=1\",\"datePublished\":\"2017-11-15T19:14:38+00:00\",\"dateModified\":\"2017-11-15T19:24:27+00:00\",\"breadcrumb\":{\"@id\":\"https:\\\/\\\/www.vom-taubertal.de\\\/blog\\\/back-to-nature-taubertalperser\\\/#breadcrumb\"},\"inLanguage\":\"de\",\"potentialAction\":[{\"@type\":\"ReadAction\",\"target\":[\"https:\\\/\\\/www.vom-taubertal.de\\\/blog\\\/back-to-nature-taubertalperser\\\/\"]}]},{\"@type\":\"ImageObject\",\"inLanguage\":\"de\",\"@id\":\"https:\\\/\\\/www.vom-taubertal.de\\\/blog\\\/back-to-nature-taubertalperser\\\/#primaryimage\",\"url\":\"https:\\\/\\\/i0.wp.com\\\/www.vom-taubertal.de\\\/blog\\\/wp-content\\\/uploads\\\/2013\\\/01\\\/nature.jpg?fit=595%2C174&quality=100&ssl=1\",\"contentUrl\":\"https:\\\/\\\/i0.wp.com\\\/www.vom-taubertal.de\\\/blog\\\/wp-content\\\/uploads\\\/2013\\\/01\\\/nature.jpg?fit=595%2C174&quality=100&ssl=1\",\"width\":595,\"height\":174},{\"@type\":\"BreadcrumbList\",\"@id\":\"https:\\\/\\\/www.vom-taubertal.de\\\/blog\\\/back-to-nature-taubertalperser\\\/#breadcrumb\",\"itemListElement\":[{\"@type\":\"ListItem\",\"position\":1,\"name\":\"Home\",\"item\":\"https:\\\/\\\/www.vom-taubertal.de\\\/blog\\\/\"},{\"@type\":\"ListItem\",\"position\":2,\"name\":\"Back to Nature &#8211; Taubertalperser\"}]},{\"@type\":\"WebSite\",\"@id\":\"https:\\\/\\\/www.vom-taubertal.de\\\/blog\\\/#website\",\"url\":\"https:\\\/\\\/www.vom-taubertal.de\\\/blog\\\/\",\"name\":\"Die Taubertalperser\",\"description\":\"Alles \u00fcber und f\u00fcr Katzen \",\"publisher\":{\"@id\":\"https:\\\/\\\/www.vom-taubertal.de\\\/blog\\\/#\\\/schema\\\/person\\\/368654e092f5785df440fe834ecc3049\"},\"potentialAction\":[{\"@type\":\"SearchAction\",\"target\":{\"@type\":\"EntryPoint\",\"urlTemplate\":\"https:\\\/\\\/www.vom-taubertal.de\\\/blog\\\/?s={search_term_string}\"},\"query-input\":{\"@type\":\"PropertyValueSpecification\",\"valueRequired\":true,\"valueName\":\"search_term_string\"}}],\"inLanguage\":\"de\"},{\"@type\":[\"Person\",\"Organization\"],\"@id\":\"https:\\\/\\\/www.vom-taubertal.de\\\/blog\\\/#\\\/schema\\\/person\\\/368654e092f5785df440fe834ecc3049\",\"name\":\"afrank\",\"image\":{\"@type\":\"ImageObject\",\"inLanguage\":\"de\",\"@id\":\"https:\\\/\\\/www.vom-taubertal.de\\\/blog\\\/wp-content\\\/uploads\\\/2019\\\/03\\\/Andrea_Dividi_02.jpg\",\"url\":\"https:\\\/\\\/www.vom-taubertal.de\\\/blog\\\/wp-content\\\/uploads\\\/2019\\\/03\\\/Andrea_Dividi_02.jpg\",\"contentUrl\":\"https:\\\/\\\/www.vom-taubertal.de\\\/blog\\\/wp-content\\\/uploads\\\/2019\\\/03\\\/Andrea_Dividi_02.jpg\",\"width\":653,\"height\":800,\"caption\":\"afrank\"},\"logo\":{\"@id\":\"https:\\\/\\\/www.vom-taubertal.de\\\/blog\\\/wp-content\\\/uploads\\\/2019\\\/03\\\/Andrea_Dividi_02.jpg\"}}]}<\/script>\n<!-- \/ Yoast SEO plugin. -->","yoast_head_json":{"title":"Back to Nature - Taubertalperser","robots":{"index":"index","follow":"follow","max-snippet":"max-snippet:-1","max-image-preview":"max-image-preview:large","max-video-preview":"max-video-preview:-1"},"canonical":"https:\/\/www.vom-taubertal.de\/blog\/back-to-nature-taubertalperser\/","og_locale":"de_DE","og_type":"article","og_title":"Back to Nature - Taubertalperser","og_description":"Hier sind s\u00e4mtliche Tests, die wir durchgef\u00fchrt haben deren Ausgangsmaterialen nat\u00fcrliche Materialien sind. Sei es zum kuscheln und schlafen oder","og_url":"https:\/\/www.vom-taubertal.de\/blog\/back-to-nature-taubertalperser\/","og_site_name":"Die Taubertalperser","article_modified_time":"2017-11-15T19:24:27+00:00","og_image":[{"width":595,"height":174,"url":"https:\/\/www.vom-taubertal.de\/blog\/wp-content\/uploads\/2013\/01\/nature.jpg","type":"image\/jpeg"}],"schema":{"@context":"https:\/\/schema.org","@graph":[{"@type":"WebPage","@id":"https:\/\/www.vom-taubertal.de\/blog\/back-to-nature-taubertalperser\/","url":"https:\/\/www.vom-taubertal.de\/blog\/back-to-nature-taubertalperser\/","name":"Back to Nature - Taubertalperser","isPartOf":{"@id":"https:\/\/www.vom-taubertal.de\/blog\/#website"},"primaryImageOfPage":{"@id":"https:\/\/www.vom-taubertal.de\/blog\/back-to-nature-taubertalperser\/#primaryimage"},"image":{"@id":"https:\/\/www.vom-taubertal.de\/blog\/back-to-nature-taubertalperser\/#primaryimage"},"thumbnailUrl":"https:\/\/i0.wp.com\/www.vom-taubertal.de\/blog\/wp-content\/uploads\/2013\/01\/nature.jpg?fit=595%2C174&quality=100&ssl=1","datePublished":"2017-11-15T19:14:38+00:00","dateModified":"2017-11-15T19:24:27+00:00","breadcrumb":{"@id":"https:\/\/www.vom-taubertal.de\/blog\/back-to-nature-taubertalperser\/#breadcrumb"},"inLanguage":"de","potentialAction":[{"@type":"ReadAction","target":["https:\/\/www.vom-taubertal.de\/blog\/back-to-nature-taubertalperser\/"]}]},{"@type":"ImageObject","inLanguage":"de","@id":"https:\/\/www.vom-taubertal.de\/blog\/back-to-nature-taubertalperser\/#primaryimage","url":"https:\/\/i0.wp.com\/www.vom-taubertal.de\/blog\/wp-content\/uploads\/2013\/01\/nature.jpg?fit=595%2C174&quality=100&ssl=1","contentUrl":"https:\/\/i0.wp.com\/www.vom-taubertal.de\/blog\/wp-content\/uploads\/2013\/01\/nature.jpg?fit=595%2C174&quality=100&ssl=1","width":595,"height":174},{"@type":"BreadcrumbList","@id":"https:\/\/www.vom-taubertal.de\/blog\/back-to-nature-taubertalperser\/#breadcrumb","itemListElement":[{"@type":"ListItem","position":1,"name":"Home","item":"https:\/\/www.vom-taubertal.de\/blog\/"},{"@type":"ListItem","position":2,"name":"Back to Nature &#8211; Taubertalperser"}]},{"@type":"WebSite","@id":"https:\/\/www.vom-taubertal.de\/blog\/#website","url":"https:\/\/www.vom-taubertal.de\/blog\/","name":"Die Taubertalperser","description":"Alles \u00fcber und f\u00fcr Katzen ","publisher":{"@id":"https:\/\/www.vom-taubertal.de\/blog\/#\/schema\/person\/368654e092f5785df440fe834ecc3049"},"potentialAction":[{"@type":"SearchAction","target":{"@type":"EntryPoint","urlTemplate":"https:\/\/www.vom-taubertal.de\/blog\/?s={search_term_string}"},"query-input":{"@type":"PropertyValueSpecification","valueRequired":true,"valueName":"search_term_string"}}],"inLanguage":"de"},{"@type":["Person","Organization"],"@id":"https:\/\/www.vom-taubertal.de\/blog\/#\/schema\/person\/368654e092f5785df440fe834ecc3049","name":"afrank","image":{"@type":"ImageObject","inLanguage":"de","@id":"https:\/\/www.vom-taubertal.de\/blog\/wp-content\/uploads\/2019\/03\/Andrea_Dividi_02.jpg","url":"https:\/\/www.vom-taubertal.de\/blog\/wp-content\/uploads\/2019\/03\/Andrea_Dividi_02.jpg","contentUrl":"https:\/\/www.vom-taubertal.de\/blog\/wp-content\/uploads\/2019\/03\/Andrea_Dividi_02.jpg","width":653,"height":800,"caption":"afrank"},"logo":{"@id":"https:\/\/www.vom-taubertal.de\/blog\/wp-content\/uploads\/2019\/03\/Andrea_Dividi_02.jpg"}}]}},"jetpack_sharing_enabled":true,"_links":{"self":[{"href":"https:\/\/www.vom-taubertal.de\/blog\/wp-json\/wp\/v2\/pages\/20987","targetHints":{"allow":["GET"]}}],"collection":[{"href":"https:\/\/www.vom-taubertal.de\/blog\/wp-json\/wp\/v2\/pages"}],"about":[{"href":"https:\/\/www.vom-taubertal.de\/blog\/wp-json\/wp\/v2\/types\/page"}],"author":[{"embeddable":true,"href":"https:\/\/www.vom-taubertal.de\/blog\/wp-json\/wp\/v2\/users\/1"}],"replies":[{"embeddable":true,"href":"https:\/\/www.vom-taubertal.de\/blog\/wp-json\/wp\/v2\/comments?post=20987"}],"version-history":[{"count":5,"href":"https:\/\/www.vom-taubertal.de\/blog\/wp-json\/wp\/v2\/pages\/20987\/revisions"}],"predecessor-version":[{"id":21009,"href":"https:\/\/www.vom-taubertal.de\/blog\/wp-json\/wp\/v2\/pages\/20987\/revisions\/21009"}],"wp:featuredmedia":[{"embeddable":true,"href":"https:\/\/www.vom-taubertal.de\/blog\/wp-json\/wp\/v2\/media\/20188"}],"wp:attachment":[{"href":"https:\/\/www.vom-taubertal.de\/blog\/wp-json\/wp\/v2\/media?parent=20987"}],"curies":[{"name":"wp","href":"https:\/\/api.w.org\/{rel}","templated":true}]}}