{"id":25997,"date":"2019-03-31T12:47:07","date_gmt":"2019-03-31T10:47:07","guid":{"rendered":"https:\/\/www.vom-taubertal.de\/blog\/?page_id=25997"},"modified":"2019-03-31T14:20:55","modified_gmt":"2019-03-31T12:20:55","slug":"ueber-mich-about-me","status":"publish","type":"page","link":"https:\/\/www.vom-taubertal.de\/blog\/ueber-mich-about-me\/","title":{"rendered":"\u00dcber mich &#8211; about me"},"content":{"rendered":"<p><a href=\"https:\/\/i0.wp.com\/www.vom-taubertal.de\/blog\/wp-content\/uploads\/2019\/03\/Andrea_Dividi_02.jpg?quality=100&#038;ssl=1\"><img data-recalc-dims=\"1\" loading=\"lazy\" decoding=\"async\" class=\"alignright wp-image-26000 size-medium\" src=\"https:\/\/i0.wp.com\/www.vom-taubertal.de\/blog\/wp-content\/uploads\/2019\/03\/Andrea_Dividi_02.jpg?resize=245%2C300&#038;quality=100&#038;ssl=1\" alt=\"Andrea, About me, \u00fcber mich, Taubertalperser, Katzenblog\" width=\"245\" height=\"300\" srcset=\"https:\/\/i0.wp.com\/www.vom-taubertal.de\/blog\/wp-content\/uploads\/2019\/03\/Andrea_Dividi_02.jpg?resize=245%2C300&amp;quality=100&amp;ssl=1 245w, https:\/\/i0.wp.com\/www.vom-taubertal.de\/blog\/wp-content\/uploads\/2019\/03\/Andrea_Dividi_02.jpg?w=653&amp;quality=100&amp;ssl=1 653w\" sizes=\"auto, (max-width: 245px) 100vw, 245px\" \/><\/a>Da in meinem Blog immer meine Katzen und meine Leser im Mittelpunkt stehen, f\u00e4llt es mir zugegebenen Ma\u00dfen schwer diese Seite zu verfassen.<\/p>\n<p>Aber selbstverst\u00e4ndlich haben meine Leser ein Recht darauf zu erfahren wer hier eigentlich schreibt.<\/p>\n<p>Also mein Name ist Andrea und ich stecke hinter dem Blog \u201eDie Taubertalperser\u201c.<\/p>\n<p>Mit meinen \u00fcberaus entz\u00fcckenden Katzen, die ja die eigentlichen Chefs hier in diesem Blog sind lebe ich in der N\u00e4he von W\u00fcrzburg und wie der Name schon sagt \u2013 im lieblichen Taubertal.<\/p>\n<p>Seit ich Katzen habe und ich ihre ergebene Sklavin bin, habe ich das Bed\u00fcrfnis mich \u00fcber artgerechte Katzenhaltung zu informieren und mein Wissen entsprechend zu erweitern.<\/p>\n<p>Aber das ganze Wissen n\u00fctzt nur sofern etwas, wenn man es umsetzt oder auch weitergibt.<\/p>\n<p>Dies ist einer der Hauptgr\u00fcnde warum dieser Blog entstanden ist.<\/p>\n<p><a href=\"https:\/\/i0.wp.com\/www.vom-taubertal.de\/blog\/wp-content\/uploads\/2019\/03\/Andrea_Dividi_04.jpg?quality=100&#038;ssl=1\"><img data-recalc-dims=\"1\" loading=\"lazy\" decoding=\"async\" class=\"alignleft wp-image-25998 size-medium\" src=\"https:\/\/i0.wp.com\/www.vom-taubertal.de\/blog\/wp-content\/uploads\/2019\/03\/Andrea_Dividi_04.jpg?resize=231%2C300&#038;quality=100&#038;ssl=1\" alt=\"Andrea, About me, \u00fcber mich, Taubertalperser, Katzenblog\" width=\"231\" height=\"300\" srcset=\"https:\/\/i0.wp.com\/www.vom-taubertal.de\/blog\/wp-content\/uploads\/2019\/03\/Andrea_Dividi_04.jpg?resize=231%2C300&amp;quality=100&amp;ssl=1 231w, https:\/\/i0.wp.com\/www.vom-taubertal.de\/blog\/wp-content\/uploads\/2019\/03\/Andrea_Dividi_04.jpg?w=615&amp;quality=100&amp;ssl=1 615w\" sizes=\"auto, (max-width: 231px) 100vw, 231px\" \/><\/a>Wissen, dem interessierten Katzenhalter zu vermitteln und ihn auch das eine oder andere Mal von einem Fehlkauf abzuhalten.<\/p>\n<p>Aber der liebende Katzenhalter liebt nicht nur seine Katzen, sondern hat auch noch andere Interessen und so nehme ich ihn hin- und wieder mit auf meine Reisen. Erz\u00e4hle ihm wie es in dem einen oder anderen Land so aussieht mit Schwerpunkt auf Katzen.<\/p>\n<p>Wer Katzen liebt, liebt auch die Natur und hat Interesse an Nachhaltigkeit aber auch an Kreativit\u00e4t und vielen mehr.<\/p>\n<p>So finden sich zeitweise auch entsprechende Beitr\u00e4ge zu diesen Themen in meinem Blog.<\/p>\n<p>Ich versuche aber immer meinem Motto treu zu bleiben<\/p>\n<p>\u201eWenn ich einer einzigen Katze zu einem besseren Leben verholfen habe, dann hat sich die M\u00fche und Aufwand gelohnt\u201c<\/p>\n<p>Aber die eigentlichen Chefs hier im Hause sind unsere \u00fcber alles geliebten Katzen.<\/p>\n","protected":false},"excerpt":{"rendered":"<p>Da in meinem Blog immer meine Katzen und meine Leser im Mittelpunkt stehen, f\u00e4llt es mir zugegebenen Ma\u00dfen schwer diese<\/p>\n","protected":false},"author":1,"featured_media":0,"parent":0,"menu_order":0,"comment_status":"closed","ping_status":"closed","template":"","meta":{"colormag_page_container_layout":"default_layout","colormag_page_sidebar_layout":"default_layout","sfsi_plus_gutenberg_text_before_share":"","sfsi_plus_gutenberg_show_text_before_share":"","sfsi_plus_gutenberg_icon_type":"","sfsi_plus_gutenberg_icon_alignemt":"","sfsi_plus_gutenburg_max_per_row":"","ngg_post_thumbnail":0,"footnotes":""},"class_list":["post-25997","page","type-page","status-publish","hentry"],"yoast_head":"<!-- This site is optimized with the Yoast SEO plugin v27.4 - https:\/\/yoast.com\/product\/yoast-seo-wordpress\/ -->\n<title>\u00dcber mich - about me - Taubertalperser<\/title>\n<meta name=\"description\" content=\"Ich habe lange mit mir gerungen, hier aber nun die &quot;\u00dcber mich&quot;-Seite, die mir ungleich schwerer fiel als so manche Katzenfutter- oder Produkttests\" \/>\n<meta name=\"robots\" content=\"index, follow, max-snippet:-1, max-image-preview:large, max-video-preview:-1\" \/>\n<link rel=\"canonical\" href=\"https:\/\/www.vom-taubertal.de\/blog\/ueber-mich-about-me\/\" \/>\n<meta property=\"og:locale\" content=\"de_DE\" \/>\n<meta property=\"og:type\" content=\"article\" \/>\n<meta property=\"og:title\" content=\"\u00dcber mich - about me - Taubertalperser\" \/>\n<meta property=\"og:description\" content=\"Ich habe lange mit mir gerungen, hier aber nun die &quot;\u00dcber mich&quot;-Seite, die mir ungleich schwerer fiel als so manche Katzenfutter- oder Produkttests\" \/>\n<meta property=\"og:url\" content=\"https:\/\/www.vom-taubertal.de\/blog\/ueber-mich-about-me\/\" \/>\n<meta property=\"og:site_name\" content=\"Die Taubertalperser\" \/>\n<meta property=\"article:modified_time\" content=\"2019-03-31T12:20:55+00:00\" \/>\n<meta property=\"og:image\" content=\"https:\/\/www.vom-taubertal.de\/blog\/wp-content\/uploads\/2019\/03\/Andrea_Dividi_02-245x300.jpg\" \/>\n<meta name=\"twitter:label1\" content=\"Gesch\u00e4tzte Lesezeit\" \/>\n\t<meta name=\"twitter:data1\" content=\"1\u00a0Minute\" \/>\n<script type=\"application\/ld+json\" class=\"yoast-schema-graph\">{\"@context\":\"https:\\\/\\\/schema.org\",\"@graph\":[{\"@type\":\"WebPage\",\"@id\":\"https:\\\/\\\/www.vom-taubertal.de\\\/blog\\\/ueber-mich-about-me\\\/\",\"url\":\"https:\\\/\\\/www.vom-taubertal.de\\\/blog\\\/ueber-mich-about-me\\\/\",\"name\":\"\u00dcber mich - about me - Taubertalperser\",\"isPartOf\":{\"@id\":\"https:\\\/\\\/www.vom-taubertal.de\\\/blog\\\/#website\"},\"primaryImageOfPage\":{\"@id\":\"https:\\\/\\\/www.vom-taubertal.de\\\/blog\\\/ueber-mich-about-me\\\/#primaryimage\"},\"image\":{\"@id\":\"https:\\\/\\\/www.vom-taubertal.de\\\/blog\\\/ueber-mich-about-me\\\/#primaryimage\"},\"thumbnailUrl\":\"https:\\\/\\\/www.vom-taubertal.de\\\/blog\\\/wp-content\\\/uploads\\\/2019\\\/03\\\/Andrea_Dividi_02-245x300.jpg\",\"datePublished\":\"2019-03-31T10:47:07+00:00\",\"dateModified\":\"2019-03-31T12:20:55+00:00\",\"description\":\"Ich habe lange mit mir gerungen, hier aber nun die \\\"\u00dcber mich\\\"-Seite, die mir ungleich schwerer fiel als so manche Katzenfutter- oder Produkttests\",\"breadcrumb\":{\"@id\":\"https:\\\/\\\/www.vom-taubertal.de\\\/blog\\\/ueber-mich-about-me\\\/#breadcrumb\"},\"inLanguage\":\"de\",\"potentialAction\":[{\"@type\":\"ReadAction\",\"target\":[\"https:\\\/\\\/www.vom-taubertal.de\\\/blog\\\/ueber-mich-about-me\\\/\"]}]},{\"@type\":\"ImageObject\",\"inLanguage\":\"de\",\"@id\":\"https:\\\/\\\/www.vom-taubertal.de\\\/blog\\\/ueber-mich-about-me\\\/#primaryimage\",\"url\":\"https:\\\/\\\/i0.wp.com\\\/www.vom-taubertal.de\\\/blog\\\/wp-content\\\/uploads\\\/2019\\\/03\\\/Andrea_Dividi_02.jpg?fit=653%2C800&quality=100&ssl=1\",\"contentUrl\":\"https:\\\/\\\/i0.wp.com\\\/www.vom-taubertal.de\\\/blog\\\/wp-content\\\/uploads\\\/2019\\\/03\\\/Andrea_Dividi_02.jpg?fit=653%2C800&quality=100&ssl=1\",\"width\":653,\"height\":800,\"caption\":\"Andrea, About me, \u00fcber mich, Taubertalperser, Katzenblog\"},{\"@type\":\"BreadcrumbList\",\"@id\":\"https:\\\/\\\/www.vom-taubertal.de\\\/blog\\\/ueber-mich-about-me\\\/#breadcrumb\",\"itemListElement\":[{\"@type\":\"ListItem\",\"position\":1,\"name\":\"Home\",\"item\":\"https:\\\/\\\/www.vom-taubertal.de\\\/blog\\\/\"},{\"@type\":\"ListItem\",\"position\":2,\"name\":\"\u00dcber mich &#8211; about me\"}]},{\"@type\":\"WebSite\",\"@id\":\"https:\\\/\\\/www.vom-taubertal.de\\\/blog\\\/#website\",\"url\":\"https:\\\/\\\/www.vom-taubertal.de\\\/blog\\\/\",\"name\":\"Die Taubertalperser\",\"description\":\"Alles \u00fcber und f\u00fcr Katzen \",\"publisher\":{\"@id\":\"https:\\\/\\\/www.vom-taubertal.de\\\/blog\\\/#\\\/schema\\\/person\\\/368654e092f5785df440fe834ecc3049\"},\"potentialAction\":[{\"@type\":\"SearchAction\",\"target\":{\"@type\":\"EntryPoint\",\"urlTemplate\":\"https:\\\/\\\/www.vom-taubertal.de\\\/blog\\\/?s={search_term_string}\"},\"query-input\":{\"@type\":\"PropertyValueSpecification\",\"valueRequired\":true,\"valueName\":\"search_term_string\"}}],\"inLanguage\":\"de\"},{\"@type\":[\"Person\",\"Organization\"],\"@id\":\"https:\\\/\\\/www.vom-taubertal.de\\\/blog\\\/#\\\/schema\\\/person\\\/368654e092f5785df440fe834ecc3049\",\"name\":\"afrank\",\"image\":{\"@type\":\"ImageObject\",\"inLanguage\":\"de\",\"@id\":\"https:\\\/\\\/www.vom-taubertal.de\\\/blog\\\/wp-content\\\/uploads\\\/2019\\\/03\\\/Andrea_Dividi_02.jpg\",\"url\":\"https:\\\/\\\/www.vom-taubertal.de\\\/blog\\\/wp-content\\\/uploads\\\/2019\\\/03\\\/Andrea_Dividi_02.jpg\",\"contentUrl\":\"https:\\\/\\\/www.vom-taubertal.de\\\/blog\\\/wp-content\\\/uploads\\\/2019\\\/03\\\/Andrea_Dividi_02.jpg\",\"width\":653,\"height\":800,\"caption\":\"afrank\"},\"logo\":{\"@id\":\"https:\\\/\\\/www.vom-taubertal.de\\\/blog\\\/wp-content\\\/uploads\\\/2019\\\/03\\\/Andrea_Dividi_02.jpg\"}}]}<\/script>\n<!-- \/ Yoast SEO plugin. -->","yoast_head_json":{"title":"\u00dcber mich - about me - Taubertalperser","description":"Ich habe lange mit mir gerungen, hier aber nun die \"\u00dcber mich\"-Seite, die mir ungleich schwerer fiel als so manche Katzenfutter- oder Produkttests","robots":{"index":"index","follow":"follow","max-snippet":"max-snippet:-1","max-image-preview":"max-image-preview:large","max-video-preview":"max-video-preview:-1"},"canonical":"https:\/\/www.vom-taubertal.de\/blog\/ueber-mich-about-me\/","og_locale":"de_DE","og_type":"article","og_title":"\u00dcber mich - about me - Taubertalperser","og_description":"Ich habe lange mit mir gerungen, hier aber nun die \"\u00dcber mich\"-Seite, die mir ungleich schwerer fiel als so manche Katzenfutter- oder Produkttests","og_url":"https:\/\/www.vom-taubertal.de\/blog\/ueber-mich-about-me\/","og_site_name":"Die Taubertalperser","article_modified_time":"2019-03-31T12:20:55+00:00","og_image":[{"url":"https:\/\/www.vom-taubertal.de\/blog\/wp-content\/uploads\/2019\/03\/Andrea_Dividi_02-245x300.jpg","type":"","width":"","height":""}],"twitter_misc":{"Gesch\u00e4tzte Lesezeit":"1\u00a0Minute"},"schema":{"@context":"https:\/\/schema.org","@graph":[{"@type":"WebPage","@id":"https:\/\/www.vom-taubertal.de\/blog\/ueber-mich-about-me\/","url":"https:\/\/www.vom-taubertal.de\/blog\/ueber-mich-about-me\/","name":"\u00dcber mich - about me - Taubertalperser","isPartOf":{"@id":"https:\/\/www.vom-taubertal.de\/blog\/#website"},"primaryImageOfPage":{"@id":"https:\/\/www.vom-taubertal.de\/blog\/ueber-mich-about-me\/#primaryimage"},"image":{"@id":"https:\/\/www.vom-taubertal.de\/blog\/ueber-mich-about-me\/#primaryimage"},"thumbnailUrl":"https:\/\/www.vom-taubertal.de\/blog\/wp-content\/uploads\/2019\/03\/Andrea_Dividi_02-245x300.jpg","datePublished":"2019-03-31T10:47:07+00:00","dateModified":"2019-03-31T12:20:55+00:00","description":"Ich habe lange mit mir gerungen, hier aber nun die \"\u00dcber mich\"-Seite, die mir ungleich schwerer fiel als so manche Katzenfutter- oder Produkttests","breadcrumb":{"@id":"https:\/\/www.vom-taubertal.de\/blog\/ueber-mich-about-me\/#breadcrumb"},"inLanguage":"de","potentialAction":[{"@type":"ReadAction","target":["https:\/\/www.vom-taubertal.de\/blog\/ueber-mich-about-me\/"]}]},{"@type":"ImageObject","inLanguage":"de","@id":"https:\/\/www.vom-taubertal.de\/blog\/ueber-mich-about-me\/#primaryimage","url":"https:\/\/i0.wp.com\/www.vom-taubertal.de\/blog\/wp-content\/uploads\/2019\/03\/Andrea_Dividi_02.jpg?fit=653%2C800&quality=100&ssl=1","contentUrl":"https:\/\/i0.wp.com\/www.vom-taubertal.de\/blog\/wp-content\/uploads\/2019\/03\/Andrea_Dividi_02.jpg?fit=653%2C800&quality=100&ssl=1","width":653,"height":800,"caption":"Andrea, About me, \u00fcber mich, Taubertalperser, Katzenblog"},{"@type":"BreadcrumbList","@id":"https:\/\/www.vom-taubertal.de\/blog\/ueber-mich-about-me\/#breadcrumb","itemListElement":[{"@type":"ListItem","position":1,"name":"Home","item":"https:\/\/www.vom-taubertal.de\/blog\/"},{"@type":"ListItem","position":2,"name":"\u00dcber mich &#8211; about me"}]},{"@type":"WebSite","@id":"https:\/\/www.vom-taubertal.de\/blog\/#website","url":"https:\/\/www.vom-taubertal.de\/blog\/","name":"Die Taubertalperser","description":"Alles \u00fcber und f\u00fcr Katzen ","publisher":{"@id":"https:\/\/www.vom-taubertal.de\/blog\/#\/schema\/person\/368654e092f5785df440fe834ecc3049"},"potentialAction":[{"@type":"SearchAction","target":{"@type":"EntryPoint","urlTemplate":"https:\/\/www.vom-taubertal.de\/blog\/?s={search_term_string}"},"query-input":{"@type":"PropertyValueSpecification","valueRequired":true,"valueName":"search_term_string"}}],"inLanguage":"de"},{"@type":["Person","Organization"],"@id":"https:\/\/www.vom-taubertal.de\/blog\/#\/schema\/person\/368654e092f5785df440fe834ecc3049","name":"afrank","image":{"@type":"ImageObject","inLanguage":"de","@id":"https:\/\/www.vom-taubertal.de\/blog\/wp-content\/uploads\/2019\/03\/Andrea_Dividi_02.jpg","url":"https:\/\/www.vom-taubertal.de\/blog\/wp-content\/uploads\/2019\/03\/Andrea_Dividi_02.jpg","contentUrl":"https:\/\/www.vom-taubertal.de\/blog\/wp-content\/uploads\/2019\/03\/Andrea_Dividi_02.jpg","width":653,"height":800,"caption":"afrank"},"logo":{"@id":"https:\/\/www.vom-taubertal.de\/blog\/wp-content\/uploads\/2019\/03\/Andrea_Dividi_02.jpg"}}]}},"jetpack_sharing_enabled":true,"_links":{"self":[{"href":"https:\/\/www.vom-taubertal.de\/blog\/wp-json\/wp\/v2\/pages\/25997","targetHints":{"allow":["GET"]}}],"collection":[{"href":"https:\/\/www.vom-taubertal.de\/blog\/wp-json\/wp\/v2\/pages"}],"about":[{"href":"https:\/\/www.vom-taubertal.de\/blog\/wp-json\/wp\/v2\/types\/page"}],"author":[{"embeddable":true,"href":"https:\/\/www.vom-taubertal.de\/blog\/wp-json\/wp\/v2\/users\/1"}],"replies":[{"embeddable":true,"href":"https:\/\/www.vom-taubertal.de\/blog\/wp-json\/wp\/v2\/comments?post=25997"}],"version-history":[{"count":3,"href":"https:\/\/www.vom-taubertal.de\/blog\/wp-json\/wp\/v2\/pages\/25997\/revisions"}],"predecessor-version":[{"id":26024,"href":"https:\/\/www.vom-taubertal.de\/blog\/wp-json\/wp\/v2\/pages\/25997\/revisions\/26024"}],"wp:attachment":[{"href":"https:\/\/www.vom-taubertal.de\/blog\/wp-json\/wp\/v2\/media?parent=25997"}],"curies":[{"name":"wp","href":"https:\/\/api.w.org\/{rel}","templated":true}]}}