{"id":3919,"date":"2013-11-04T22:33:21","date_gmt":"2013-11-04T20:33:21","guid":{"rendered":"http:\/\/www.vom-taubertal.de\/blog\/?page_id=3919"},"modified":"2021-01-08T19:24:06","modified_gmt":"2021-01-08T17:24:06","slug":"katzenausstellungen","status":"publish","type":"page","link":"https:\/\/www.vom-taubertal.de\/blog\/katzenausstellungen\/","title":{"rendered":"Katzenausstellungen"},"content":{"rendered":"<h3>Katzenausstellungen damals und heute<\/h3>\n<p>am 13. Juli 1871 fand im Crystal Palace in London die erste Katzenausstellung statt und fand sehr gro\u00dfes Interesse. Die Katzen wurden angeleint den Richtern vorgef\u00fchrt. Hier gab es schon das Ringrichten.<\/p>\n<p><strong><a href=\"https:\/\/i0.wp.com\/www.vom-taubertal.de\/blog\/wp-content\/uploads\/2013\/11\/Ausstellung.jpg?quality=100&#038;ssl=1\"><img data-recalc-dims=\"1\" loading=\"lazy\" decoding=\"async\" class=\"alignright size-medium wp-image-3920\" style=\"margin: 5px;\" src=\"https:\/\/i0.wp.com\/www.vom-taubertal.de\/blog\/wp-content\/uploads\/2013\/11\/Ausstellung.jpg?resize=226%2C300&#038;quality=100&#038;ssl=1\" alt=\"Ausstellung\" width=\"226\" height=\"300\" srcset=\"https:\/\/i0.wp.com\/www.vom-taubertal.de\/blog\/wp-content\/uploads\/2013\/11\/Ausstellung.jpg?resize=226%2C300&amp;quality=100&amp;ssl=1 226w, https:\/\/i0.wp.com\/www.vom-taubertal.de\/blog\/wp-content\/uploads\/2013\/11\/Ausstellung.jpg?w=302&amp;quality=100&amp;ssl=1 302w\" sizes=\"auto, (max-width: 226px) 100vw, 226px\" \/><\/a>K\u00f6nigin Viktoria<\/strong> erwarb auf dieser Ausstellung 2 blaue &#8222;Angora-Katzen&#8220;. Von nun an wurde die Perserkatze zur beliebtesten Rassekatze der europ\u00e4ischen Aristokratie.<\/p>\n<p>Der Pionier der Katzenzucht und des Ausstellens <strong>Harrison Weir (1824 &#8211; 1905)<\/strong> hatte die Idee, Katzen reinerbig mit Stammbaum zu z\u00fcchten. Zuchtbestimmungen wurden erstellt mit dem Ziel die besten Eigenschaften und besondere Merkmale bestimmter Blutlinien zu festigen und zu vertiefen. Er hat die ersten Rassestandards f\u00fcr diese Ausstellung erstellt. Diese Standards wurden zur Grundlage aller Ausstellungen.<\/p>\n<p>Auch bei der ersten offiziellen amerikanischen Ausstellung, die 1895 im New Yorker Square Garden stattfand, wurde nach Weir&#8217;s Points of Excellence gerichtet.<\/p>\n<figure id=\"attachment_3935\" aria-describedby=\"caption-attachment-3935\" style=\"width: 300px\" class=\"wp-caption alignleft\"><a href=\"https:\/\/i0.wp.com\/www.vom-taubertal.de\/blog\/wp-content\/uploads\/2013\/11\/Richmond-Cat-Show-The-King-Class.jpg?quality=100&#038;ssl=1\"><img data-recalc-dims=\"1\" loading=\"lazy\" decoding=\"async\" class=\"size-medium wp-image-3935 \" style=\"margin: 5px;\" src=\"https:\/\/i0.wp.com\/www.vom-taubertal.de\/blog\/wp-content\/uploads\/2013\/11\/Richmond-Cat-Show-The-King-Class.jpg?resize=300%2C215&#038;quality=100&#038;ssl=1\" alt=\"Richmond-Cat-Show-The-King-Class\" width=\"300\" height=\"215\" srcset=\"https:\/\/i0.wp.com\/www.vom-taubertal.de\/blog\/wp-content\/uploads\/2013\/11\/Richmond-Cat-Show-The-King-Class.jpg?resize=300%2C215&amp;quality=100&amp;ssl=1 300w, https:\/\/i0.wp.com\/www.vom-taubertal.de\/blog\/wp-content\/uploads\/2013\/11\/Richmond-Cat-Show-The-King-Class.jpg?w=500&amp;quality=100&amp;ssl=1 500w\" sizes=\"auto, (max-width: 300px) 100vw, 300px\" \/><\/a><figcaption id=\"caption-attachment-3935\" class=\"wp-caption-text\">Cat Show in Richmond<\/figcaption><\/figure>\n<p>1887 begann die Zuchtbuchf\u00fchrung durch <strong>The National Cat Club<\/strong>. Es wurde ein Zentralregister mit Abstammungsnachweisen der Katzen aufgebaut.<\/p>\n<p>Um 1900 wurden die Katzen in K\u00e4figen ausgestellt.<\/p>\n<figure id=\"attachment_3921\" aria-describedby=\"caption-attachment-3921\" style=\"width: 300px\" class=\"wp-caption alignright\"><a href=\"https:\/\/i0.wp.com\/www.vom-taubertal.de\/blog\/wp-content\/uploads\/2013\/11\/Crystal_Palace_-_Queen_Victoria_opens_the_Great_Exhibition.jpg?quality=100&#038;ssl=1\"><img data-recalc-dims=\"1\" loading=\"lazy\" decoding=\"async\" class=\"size-medium wp-image-3921 \" style=\"margin: 5px;\" src=\"https:\/\/i0.wp.com\/www.vom-taubertal.de\/blog\/wp-content\/uploads\/2013\/11\/Crystal_Palace_-_Queen_Victoria_opens_the_Great_Exhibition.jpg?resize=300%2C199&#038;quality=100&#038;ssl=1\" alt=\"Crystal_Palace_-_Queen_Victoria_opens_the_Great_Exhibition\" width=\"300\" height=\"199\" srcset=\"https:\/\/i0.wp.com\/www.vom-taubertal.de\/blog\/wp-content\/uploads\/2013\/11\/Crystal_Palace_-_Queen_Victoria_opens_the_Great_Exhibition.jpg?resize=300%2C199&amp;quality=100&amp;ssl=1 300w, https:\/\/i0.wp.com\/www.vom-taubertal.de\/blog\/wp-content\/uploads\/2013\/11\/Crystal_Palace_-_Queen_Victoria_opens_the_Great_Exhibition.jpg?w=590&amp;quality=100&amp;ssl=1 590w\" sizes=\"auto, (max-width: 300px) 100vw, 300px\" \/><\/a><figcaption id=\"caption-attachment-3921\" class=\"wp-caption-text\">Queen Victoria er\u00f6ffnet die gro\u00dfe Ausstellung im Crystal Palace<\/figcaption><\/figure>\n<p>1900 wurden auch die ersten Spezialclubs gegr\u00fcndet. Als erstes gab es den Club f\u00fcr die Silver Society &#8211; New Chinchilla Persians &#8211;<\/p>\n<p>1901 wurde die Blue Persians Society gegr\u00fcndet. Die ersten Blues hatten meistens noch gr\u00fcne Augen, aber nach 1900 waren nur noch orangefarbene Augen erw\u00fcnscht.<\/p>\n<p>1910 wurde die Zuchtbuchf\u00fchrung auf den neu gegr\u00fcndeten Governing Council of the Cat Fancy \u00fcbertragen.<\/p>\n<p><a href=\"https:\/\/i0.wp.com\/www.vom-taubertal.de\/blog\/wp-content\/uploads\/2013\/11\/crystal_palast.jpg?quality=100&#038;ssl=1\"><img data-recalc-dims=\"1\" loading=\"lazy\" decoding=\"async\" class=\"size-medium wp-image-3937 alignleft\" style=\"margin: 5px;\" src=\"https:\/\/i0.wp.com\/www.vom-taubertal.de\/blog\/wp-content\/uploads\/2013\/11\/crystal_palast.jpg?resize=300%2C228&#038;quality=100&#038;ssl=1\" alt=\"crystal_palast\" width=\"300\" height=\"228\" srcset=\"https:\/\/i0.wp.com\/www.vom-taubertal.de\/blog\/wp-content\/uploads\/2013\/11\/crystal_palast.jpg?resize=300%2C228&amp;quality=100&amp;ssl=1 300w, https:\/\/i0.wp.com\/www.vom-taubertal.de\/blog\/wp-content\/uploads\/2013\/11\/crystal_palast.jpg?w=545&amp;quality=100&amp;ssl=1 545w\" sizes=\"auto, (max-width: 300px) 100vw, 300px\" \/><\/a><\/p>\n<h3>&nbsp;Katzenausstellungen heute<\/h3>\n<p>Heute besuchen keine k\u00f6niglichen H\u00e4upter Katzenausstellungen, zumindest nicht in Deutschland. Nichts desto trotz hat sich relativ wenig an den damaligen Gegebenheiten ge\u00e4ndert.<\/p>\n<p>Die Katzen werden einzeln dem Richter pr\u00e4sentiert, der sie entsprechend dem g\u00fcltigen Rassestandard bewertet. Die K\u00e4fige der Katzen sind heute sch\u00f6ner und bequemer f\u00fcr die Tiere und es wird penibel darauf geachtet das die Tiere auch Futter und Wasser zur Verf\u00fcgung haben.<\/p>\n<p>Je nach Verein und Ausstellung werden die Best of Show, Best over all, etc. von den Richtern bestimmt\/gew\u00e4hlt.<\/p>\n<p><span style=\"text-decoration: underline;\"><strong>Ein paar Worte zu den Ausstellungen<\/strong><\/span><\/p>\n<p>Ich lese immer wieder auf diversen Seiten von &#8222;Hobbyz\u00fcchtern&#8220;, dass sie ihren Katzen den Stress einer Ausstellung ersparen und dort nicht pr\u00e4sent sein wollen.<\/p>\n<p>Ein frommer Wunsch, denn sehr viele seri\u00f6sen Vereine schreiben vor, dass die Zuchttiere mindestens dreimal Vorz\u00fcglich erhalten haben sollen um als zuchttauglich zu gelten.<\/p>\n<p>Es geht hier nicht nur um Pokale oder ob man das sch\u00f6nste Tier hat, sondern um zu pr\u00fcfen ob das Tier wirklich dem Rassestandard entspricht.<\/p>\n<p>Und mal Hand aufs Herz, das eigene Tier ist immer das Sch\u00f6nste &#8211; aber auch nach dem Rassestandard?<\/p>\n<p>Ich selber habe mich dem Erhalt der alteurop\u00e4ischen Perserkatze verschrieben und meine Katzen weichen aufgrund ihres N\u00e4schens dem Standard etwas ab, aber der Rest ist gleich. Sprich die Kopfform, der K\u00f6rperbau, die kleinen gut platzierten Ohren, der Kragen usw.<\/p>\n<p>Ich sehe auf verschiedenen Seiten von Hobbyz\u00fcchtern Perserkatzen mit zu gro\u00dfen Ohren, zu schmalen K\u00f6rperbau usw. &#8211; sorry Leute, das sind zwar wundersch\u00f6ne Tiere aber sie entfernen sich vom Rassestandard meilenweit und k\u00f6nnten auch als Highl\u00e4nder durchgehen. Wir z\u00fcchten aber Perserkatzen, Perserkatzen nach dem alteurop\u00e4ischen Typ.<\/p>\n<p>Zum Thema Stress noch ein paar Worte &#8211; keine Katze ist jeden Tag gleich gut\/schlecht drauf. So kann es schon mal vorkommen, dass eine Katze bei einer Ausstellung etwas unleidlich ist. Gut sozialisierte, wesensstarke Tieren ist es wichtig, dass ihre Dosen\u00f6ffner da sind, alles andere ist ihnen egal. Okay nicht ganz &#8211; mein Kater wirft sich immer gerne in Position wenn Besucher sagen &#8222;Oh ist das aber ein sch\u00f6ner Kater&#8220;.<\/p>\n<p>Aber hier ein weiterer wichtiger Punkt &#8211; nur wirklich gut sozialisierte, wesensstarke Tiere sollten f\u00fcr die Zucht eingesetzt werden, auch wenn es manche nicht glauben wollen, so kann man es aber in diversen Fachmagazinen nachlesen Katzen geben ihre &#8222;Erfahrungen&#8220; und ihr Wesen weiter. Der Nachwuchs einer sch\u00fcchternen, scheuen Katze wird niemals so zug\u00e4nglich und verschmust zu Menschen sein, wie eine aufgeschlossene, sehr auf ihre Menschen gepr\u00e4gte Katze.<\/p>\n<p>Unsere Tiere sind auch von klein auf Transportboxen und Autofahren gew\u00f6hnt &#8211; erleichtert auch ungemein die Fahrt zum Tierarzt &#8211; so dass dies auch keinen Stressfaktor f\u00fcr sie darstellt.<\/p>\n<p>Hier findet ihr ein klein wenig mehr zu dem Thema Katzenausstellungen:<\/p>\n<p><a href=\"https:\/\/www.vom-taubertal.de\/blog\/katzenausstellungen-kleiner-leitfaden-taubertalperser\/\" target=\"_blank\" rel=\"noopener\">Katzenausstellungen &#8211; ein kleiner Zuschauerleitfaden<br \/>\n<\/a><a href=\"https:\/\/www.vom-taubertal.de\/blog\/katzenausstellungen-fragen-und-antworten\/\" target=\"_blank\" rel=\"noopener\">Katzenausstellungen &#8211; Fragen und Antworten<br \/>\n<\/a><a href=\"https:\/\/www.vom-taubertal.de\/blog\/hotels-co\/\" target=\"_blank\" rel=\"noopener\">Katzenfreundliche Hotels<\/a><\/p>\n<p><iframe loading=\"lazy\" style=\"border: none; max-width: 900px; max-height: 600px;\" src=\"http:\/\/rcm-eu.amazon-adsystem.com\/e\/cm?t=crazcat-21&amp;o=3&amp;p=26&amp;l=ur1&amp;category=generic&amp;banner=0XJVF0GBG5SH67ZAFDR2&amp;f=ifr\" marginwidth=\"0\" scrolling=\"no\" width=\"468\" height=\"60\" frameborder=\"0\"><\/iframe><\/p>\n","protected":false},"excerpt":{"rendered":"<p>Katzenausstellungen damals und heute am 13. Juli 1871 fand im Crystal Palace in London die erste Katzenausstellung statt und fand<\/p>\n","protected":false},"author":1,"featured_media":0,"parent":0,"menu_order":0,"comment_status":"closed","ping_status":"open","template":"","meta":{"colormag_page_container_layout":"default_layout","colormag_page_sidebar_layout":"default_layout","sfsi_plus_gutenberg_text_before_share":"","sfsi_plus_gutenberg_show_text_before_share":"","sfsi_plus_gutenberg_icon_type":"","sfsi_plus_gutenberg_icon_alignemt":"","sfsi_plus_gutenburg_max_per_row":"","ngg_post_thumbnail":0,"footnotes":""},"class_list":["post-3919","page","type-page","status-publish","hentry"],"yoast_head":"<!-- This site is optimized with the Yoast SEO plugin v27.3 - https:\/\/yoast.com\/product\/yoast-seo-wordpress\/ -->\n<title>Katzenausstellungen - Perser vom Taubertal - Taubertalpersre<\/title>\n<meta name=\"description\" content=\"Katzenausstellungen einst und jetzt. Die Taubertalperser informieren, die Perser mit N\u00e4schen auf gro\u00dfer Tour und so ;-)\" \/>\n<meta name=\"robots\" content=\"index, follow, max-snippet:-1, max-image-preview:large, max-video-preview:-1\" \/>\n<link rel=\"canonical\" href=\"https:\/\/www.vom-taubertal.de\/blog\/katzenausstellungen\/\" \/>\n<meta property=\"og:locale\" content=\"de_DE\" \/>\n<meta property=\"og:type\" content=\"article\" \/>\n<meta property=\"og:title\" content=\"Katzenausstellungen - Perser vom Taubertal - Taubertalpersre\" \/>\n<meta property=\"og:description\" content=\"Katzenausstellungen einst und jetzt. Die Taubertalperser informieren, die Perser mit N\u00e4schen auf gro\u00dfer Tour und so ;-)\" \/>\n<meta property=\"og:url\" content=\"https:\/\/www.vom-taubertal.de\/blog\/katzenausstellungen\/\" \/>\n<meta property=\"og:site_name\" content=\"Die Taubertalperser\" \/>\n<meta property=\"article:modified_time\" content=\"2021-01-08T17:24:06+00:00\" \/>\n<meta property=\"og:image\" content=\"https:\/\/www.vom-taubertal.de\/blog\/wp-content\/uploads\/2013\/11\/Ausstellung-226x300.jpg\" \/>\n<meta name=\"twitter:label1\" content=\"Gesch\u00e4tzte Lesezeit\" \/>\n\t<meta name=\"twitter:data1\" content=\"4\u00a0Minuten\" \/>\n<script type=\"application\/ld+json\" class=\"yoast-schema-graph\">{\"@context\":\"https:\\\/\\\/schema.org\",\"@graph\":[{\"@type\":\"WebPage\",\"@id\":\"https:\\\/\\\/www.vom-taubertal.de\\\/blog\\\/katzenausstellungen\\\/\",\"url\":\"https:\\\/\\\/www.vom-taubertal.de\\\/blog\\\/katzenausstellungen\\\/\",\"name\":\"Katzenausstellungen - Perser vom Taubertal - Taubertalpersre\",\"isPartOf\":{\"@id\":\"https:\\\/\\\/www.vom-taubertal.de\\\/blog\\\/#website\"},\"primaryImageOfPage\":{\"@id\":\"https:\\\/\\\/www.vom-taubertal.de\\\/blog\\\/katzenausstellungen\\\/#primaryimage\"},\"image\":{\"@id\":\"https:\\\/\\\/www.vom-taubertal.de\\\/blog\\\/katzenausstellungen\\\/#primaryimage\"},\"thumbnailUrl\":\"https:\\\/\\\/www.vom-taubertal.de\\\/blog\\\/wp-content\\\/uploads\\\/2013\\\/11\\\/Ausstellung-226x300.jpg\",\"datePublished\":\"2013-11-04T20:33:21+00:00\",\"dateModified\":\"2021-01-08T17:24:06+00:00\",\"description\":\"Katzenausstellungen einst und jetzt. Die Taubertalperser informieren, die Perser mit N\u00e4schen auf gro\u00dfer Tour und so ;-)\",\"breadcrumb\":{\"@id\":\"https:\\\/\\\/www.vom-taubertal.de\\\/blog\\\/katzenausstellungen\\\/#breadcrumb\"},\"inLanguage\":\"de\",\"potentialAction\":[{\"@type\":\"ReadAction\",\"target\":[\"https:\\\/\\\/www.vom-taubertal.de\\\/blog\\\/katzenausstellungen\\\/\"]}]},{\"@type\":\"ImageObject\",\"inLanguage\":\"de\",\"@id\":\"https:\\\/\\\/www.vom-taubertal.de\\\/blog\\\/katzenausstellungen\\\/#primaryimage\",\"url\":\"https:\\\/\\\/i0.wp.com\\\/www.vom-taubertal.de\\\/blog\\\/wp-content\\\/uploads\\\/2013\\\/11\\\/Ausstellung.jpg?fit=302%2C400&quality=100&ssl=1\",\"contentUrl\":\"https:\\\/\\\/i0.wp.com\\\/www.vom-taubertal.de\\\/blog\\\/wp-content\\\/uploads\\\/2013\\\/11\\\/Ausstellung.jpg?fit=302%2C400&quality=100&ssl=1\",\"width\":302,\"height\":400},{\"@type\":\"BreadcrumbList\",\"@id\":\"https:\\\/\\\/www.vom-taubertal.de\\\/blog\\\/katzenausstellungen\\\/#breadcrumb\",\"itemListElement\":[{\"@type\":\"ListItem\",\"position\":1,\"name\":\"Home\",\"item\":\"https:\\\/\\\/www.vom-taubertal.de\\\/blog\\\/\"},{\"@type\":\"ListItem\",\"position\":2,\"name\":\"Katzenausstellungen\"}]},{\"@type\":\"WebSite\",\"@id\":\"https:\\\/\\\/www.vom-taubertal.de\\\/blog\\\/#website\",\"url\":\"https:\\\/\\\/www.vom-taubertal.de\\\/blog\\\/\",\"name\":\"Die Taubertalperser\",\"description\":\"Alles \u00fcber und f\u00fcr Katzen \",\"publisher\":{\"@id\":\"https:\\\/\\\/www.vom-taubertal.de\\\/blog\\\/#\\\/schema\\\/person\\\/368654e092f5785df440fe834ecc3049\"},\"potentialAction\":[{\"@type\":\"SearchAction\",\"target\":{\"@type\":\"EntryPoint\",\"urlTemplate\":\"https:\\\/\\\/www.vom-taubertal.de\\\/blog\\\/?s={search_term_string}\"},\"query-input\":{\"@type\":\"PropertyValueSpecification\",\"valueRequired\":true,\"valueName\":\"search_term_string\"}}],\"inLanguage\":\"de\"},{\"@type\":[\"Person\",\"Organization\"],\"@id\":\"https:\\\/\\\/www.vom-taubertal.de\\\/blog\\\/#\\\/schema\\\/person\\\/368654e092f5785df440fe834ecc3049\",\"name\":\"afrank\",\"image\":{\"@type\":\"ImageObject\",\"inLanguage\":\"de\",\"@id\":\"https:\\\/\\\/www.vom-taubertal.de\\\/blog\\\/wp-content\\\/uploads\\\/2019\\\/03\\\/Andrea_Dividi_02.jpg\",\"url\":\"https:\\\/\\\/www.vom-taubertal.de\\\/blog\\\/wp-content\\\/uploads\\\/2019\\\/03\\\/Andrea_Dividi_02.jpg\",\"contentUrl\":\"https:\\\/\\\/www.vom-taubertal.de\\\/blog\\\/wp-content\\\/uploads\\\/2019\\\/03\\\/Andrea_Dividi_02.jpg\",\"width\":653,\"height\":800,\"caption\":\"afrank\"},\"logo\":{\"@id\":\"https:\\\/\\\/www.vom-taubertal.de\\\/blog\\\/wp-content\\\/uploads\\\/2019\\\/03\\\/Andrea_Dividi_02.jpg\"}}]}<\/script>\n<!-- \/ Yoast SEO plugin. -->","yoast_head_json":{"title":"Katzenausstellungen - Perser vom Taubertal - Taubertalpersre","description":"Katzenausstellungen einst und jetzt. Die Taubertalperser informieren, die Perser mit N\u00e4schen auf gro\u00dfer Tour und so ;-)","robots":{"index":"index","follow":"follow","max-snippet":"max-snippet:-1","max-image-preview":"max-image-preview:large","max-video-preview":"max-video-preview:-1"},"canonical":"https:\/\/www.vom-taubertal.de\/blog\/katzenausstellungen\/","og_locale":"de_DE","og_type":"article","og_title":"Katzenausstellungen - Perser vom Taubertal - Taubertalpersre","og_description":"Katzenausstellungen einst und jetzt. Die Taubertalperser informieren, die Perser mit N\u00e4schen auf gro\u00dfer Tour und so ;-)","og_url":"https:\/\/www.vom-taubertal.de\/blog\/katzenausstellungen\/","og_site_name":"Die Taubertalperser","article_modified_time":"2021-01-08T17:24:06+00:00","og_image":[{"url":"https:\/\/www.vom-taubertal.de\/blog\/wp-content\/uploads\/2013\/11\/Ausstellung-226x300.jpg","type":"","width":"","height":""}],"twitter_misc":{"Gesch\u00e4tzte Lesezeit":"4\u00a0Minuten"},"schema":{"@context":"https:\/\/schema.org","@graph":[{"@type":"WebPage","@id":"https:\/\/www.vom-taubertal.de\/blog\/katzenausstellungen\/","url":"https:\/\/www.vom-taubertal.de\/blog\/katzenausstellungen\/","name":"Katzenausstellungen - Perser vom Taubertal - Taubertalpersre","isPartOf":{"@id":"https:\/\/www.vom-taubertal.de\/blog\/#website"},"primaryImageOfPage":{"@id":"https:\/\/www.vom-taubertal.de\/blog\/katzenausstellungen\/#primaryimage"},"image":{"@id":"https:\/\/www.vom-taubertal.de\/blog\/katzenausstellungen\/#primaryimage"},"thumbnailUrl":"https:\/\/www.vom-taubertal.de\/blog\/wp-content\/uploads\/2013\/11\/Ausstellung-226x300.jpg","datePublished":"2013-11-04T20:33:21+00:00","dateModified":"2021-01-08T17:24:06+00:00","description":"Katzenausstellungen einst und jetzt. Die Taubertalperser informieren, die Perser mit N\u00e4schen auf gro\u00dfer Tour und so ;-)","breadcrumb":{"@id":"https:\/\/www.vom-taubertal.de\/blog\/katzenausstellungen\/#breadcrumb"},"inLanguage":"de","potentialAction":[{"@type":"ReadAction","target":["https:\/\/www.vom-taubertal.de\/blog\/katzenausstellungen\/"]}]},{"@type":"ImageObject","inLanguage":"de","@id":"https:\/\/www.vom-taubertal.de\/blog\/katzenausstellungen\/#primaryimage","url":"https:\/\/i0.wp.com\/www.vom-taubertal.de\/blog\/wp-content\/uploads\/2013\/11\/Ausstellung.jpg?fit=302%2C400&quality=100&ssl=1","contentUrl":"https:\/\/i0.wp.com\/www.vom-taubertal.de\/blog\/wp-content\/uploads\/2013\/11\/Ausstellung.jpg?fit=302%2C400&quality=100&ssl=1","width":302,"height":400},{"@type":"BreadcrumbList","@id":"https:\/\/www.vom-taubertal.de\/blog\/katzenausstellungen\/#breadcrumb","itemListElement":[{"@type":"ListItem","position":1,"name":"Home","item":"https:\/\/www.vom-taubertal.de\/blog\/"},{"@type":"ListItem","position":2,"name":"Katzenausstellungen"}]},{"@type":"WebSite","@id":"https:\/\/www.vom-taubertal.de\/blog\/#website","url":"https:\/\/www.vom-taubertal.de\/blog\/","name":"Die Taubertalperser","description":"Alles \u00fcber und f\u00fcr Katzen ","publisher":{"@id":"https:\/\/www.vom-taubertal.de\/blog\/#\/schema\/person\/368654e092f5785df440fe834ecc3049"},"potentialAction":[{"@type":"SearchAction","target":{"@type":"EntryPoint","urlTemplate":"https:\/\/www.vom-taubertal.de\/blog\/?s={search_term_string}"},"query-input":{"@type":"PropertyValueSpecification","valueRequired":true,"valueName":"search_term_string"}}],"inLanguage":"de"},{"@type":["Person","Organization"],"@id":"https:\/\/www.vom-taubertal.de\/blog\/#\/schema\/person\/368654e092f5785df440fe834ecc3049","name":"afrank","image":{"@type":"ImageObject","inLanguage":"de","@id":"https:\/\/www.vom-taubertal.de\/blog\/wp-content\/uploads\/2019\/03\/Andrea_Dividi_02.jpg","url":"https:\/\/www.vom-taubertal.de\/blog\/wp-content\/uploads\/2019\/03\/Andrea_Dividi_02.jpg","contentUrl":"https:\/\/www.vom-taubertal.de\/blog\/wp-content\/uploads\/2019\/03\/Andrea_Dividi_02.jpg","width":653,"height":800,"caption":"afrank"},"logo":{"@id":"https:\/\/www.vom-taubertal.de\/blog\/wp-content\/uploads\/2019\/03\/Andrea_Dividi_02.jpg"}}]}},"jetpack_sharing_enabled":true,"_links":{"self":[{"href":"https:\/\/www.vom-taubertal.de\/blog\/wp-json\/wp\/v2\/pages\/3919","targetHints":{"allow":["GET"]}}],"collection":[{"href":"https:\/\/www.vom-taubertal.de\/blog\/wp-json\/wp\/v2\/pages"}],"about":[{"href":"https:\/\/www.vom-taubertal.de\/blog\/wp-json\/wp\/v2\/types\/page"}],"author":[{"embeddable":true,"href":"https:\/\/www.vom-taubertal.de\/blog\/wp-json\/wp\/v2\/users\/1"}],"replies":[{"embeddable":true,"href":"https:\/\/www.vom-taubertal.de\/blog\/wp-json\/wp\/v2\/comments?post=3919"}],"version-history":[{"count":16,"href":"https:\/\/www.vom-taubertal.de\/blog\/wp-json\/wp\/v2\/pages\/3919\/revisions"}],"predecessor-version":[{"id":31174,"href":"https:\/\/www.vom-taubertal.de\/blog\/wp-json\/wp\/v2\/pages\/3919\/revisions\/31174"}],"wp:attachment":[{"href":"https:\/\/www.vom-taubertal.de\/blog\/wp-json\/wp\/v2\/media?parent=3919"}],"curies":[{"name":"wp","href":"https:\/\/api.w.org\/{rel}","templated":true}]}}