{"id":6453,"date":"2014-05-25T17:02:20","date_gmt":"2014-05-25T15:02:20","guid":{"rendered":"http:\/\/www.vom-taubertal.de\/blog\/?page_id=6453"},"modified":"2023-04-05T14:52:00","modified_gmt":"2023-04-05T12:52:00","slug":"anschaffung-perserkatzen-taubertalperser","status":"publish","type":"page","link":"https:\/\/www.vom-taubertal.de\/blog\/anschaffung-perserkatzen-taubertalperser\/","title":{"rendered":"Anschaffung"},"content":{"rendered":"<h3>Die Anschaffung einer Katze<\/h3>\n<p>Hier ist eine Auflistung aller von mir erstellten Beitr\u00e4ge bez\u00fcglich der Anschaffung einer Katze und ich hoffe, ich kann euch damit eine kleine Hilfestellung geben.<\/p>\n<ul>\n<li><a title=\"Was soll ich vor der Anschaffung einer Katze beachten\" href=\"https:\/\/www.vom-taubertal.de\/blog\/was-vor-der-anschaffung-einer-katze-beachtet-werden-sollte\/\" target=\"_blank\" rel=\"noopener\"><strong>Was muss ich vor der Anschaffung einer Katze beachten<\/strong><\/a><\/li>\n<\/ul>\n<ul>\n<li><a title=\"Jedes Jahr ist es immer wieder das Gleiche\u2026.\" href=\"https:\/\/www.vom-taubertal.de\/blog\/jedes-jahr-ist-es-immer-wieder-das-gleiche\/\" target=\"_blank\" rel=\"noopener\"><strong>Woher soll mein K\u00e4tzchen kommen<\/strong><\/a><\/li>\n<\/ul>\n<ul>\n<li><span style=\"color: #0000ff;\"><strong><a style=\"color: #0000ff;\" title=\"Geiz-ist-Geil\" href=\"https:\/\/www.vom-taubertal.de\/blog\/geiz-ist-geil\/\" target=\"_blank\" rel=\"noopener\">Geiz ist geil<\/a><\/strong><\/span><\/li>\n<\/ul>\n<ul>\n<li><span style=\"color: #0000ff;\"><strong><a style=\"color: #0000ff;\" title=\"Guter Z\u00fcchter, schlechter Z\u00fcchter\u2026\u2026.\" href=\"https:\/\/www.vom-taubertal.de\/blog\/gute-zuechter-schlechte-zuechter\/\" target=\"_blank\" rel=\"noopener\">Guter Z\u00fcchter, schlechter Z\u00fcchter<\/a><\/strong><\/span><\/li>\n<\/ul>\n<ul>\n<li><span style=\"color: #0000ff;\"><strong><a style=\"color: #0000ff;\" title=\"Warum ein Rassek\u00e4tzchen von einem seri\u00f6sen Z\u00fcchter?\" href=\"https:\/\/www.vom-taubertal.de\/blog\/warum-soll-ich-mir-ein-rassekatzchen-von-einem-seriosen-zuchter-holen\/\" target=\"_blank\" rel=\"noopener\">Warum ein Rassek\u00e4tzchen von einem seri\u00f6sen Z\u00fcchter<\/a><\/strong><\/span><\/li>\n<\/ul>\n<ul>\n<li><a title=\"Warum holt man sich ein K\u00e4tzchen vom Z\u00fcchter?\" href=\"https:\/\/www.vom-taubertal.de\/blog\/warum-holt-man-sich-ein-kaetzchen-vom-zuechter\/\" target=\"_blank\" rel=\"noopener\"><span style=\"color: #0000ff;\"><strong>Warum holt man sich eigentlich eine Katze von einem Z\u00fcchter?<\/strong><\/span><\/a><\/li>\n<\/ul>\n<ul>\n<li><span style=\"color: #0000ff;\"><strong><a style=\"color: #0000ff;\" title=\"Z\u00fcchter vs. Vermehrer\" href=\"https:\/\/www.vom-taubertal.de\/blog\/zuechter-vs-vermehrer\/\" target=\"_blank\" rel=\"noopener\">Z\u00fcchter vs. Vermehrer<\/a><\/strong><\/span><\/li>\n<\/ul>\n<ul>\n<li><span style=\"color: #0000ff;\"><strong><a style=\"color: #0000ff;\" title=\"Warum sind Rassekatzen so teuer?\" href=\"https:\/\/www.vom-taubertal.de\/blog\/warum-sind-rassekatzen-so-teuer\/\" target=\"_blank\" rel=\"noopener\">Wieso ist ein Rassek\u00e4tzchen so teuer?<\/a><\/strong><\/span><\/li>\n<\/ul>\n<ul>\n<li><span style=\"color: #0000ff;\"><strong><a style=\"color: #0000ff;\" title=\"Der Stammbaum einer Katze\" href=\"https:\/\/www.vom-taubertal.de\/blog\/der-stammbaum-einer-katze\/\" target=\"_blank\" rel=\"noopener\">Der Stammbaum einer Katze<\/a><\/strong><\/span><\/li>\n<\/ul>\n<ul>\n<li><span style=\"color: #0000ff;\"><strong><a style=\"color: #0000ff;\" title=\"Wie sieht ein richtiger Stammbaum aus?\" href=\"https:\/\/www.vom-taubertal.de\/blog\/richtige-stammbaeume-wie-sehen-sie-aus-taubertalperser-perser-vom-taubertal\/\" target=\"_blank\" rel=\"noopener\">Wie sieht ein Stammbaum aus?<\/a><\/strong><\/span><\/li>\n<\/ul>\n<ul>\n<li><span style=\"color: #0000ff;\"><strong><a style=\"color: #0000ff;\" title=\"Katzenvereine Deutschland \/ \u00d6sterreich\" href=\"https:\/\/www.vom-taubertal.de\/blog\/katzenvereine-deutschland-oesterreich\/\" target=\"_blank\" rel=\"noopener\">Katzenvereine in Deutschland &amp; \u00d6sterreich <\/a><\/strong><\/span><\/li>\n<\/ul>\n<ul>\n<li><span style=\"color: #0000ff;\"><strong><a style=\"color: #0000ff;\" title=\"Das richtige Abgabealter eines K\u00e4tzchens\" href=\"https:\/\/www.vom-taubertal.de\/blog\/das-richtige-abgabealter-eines-kaetzchens-perserkatzen\/\" target=\"_blank\" rel=\"noopener\">Das richtige Abgabealter einer Katze<\/a><\/strong><\/span><\/li>\n<\/ul>\n<ul>\n<li><span style=\"color: #0000ff;\"><strong><a style=\"color: #0000ff;\" title=\"Hurra ein K\u00e4tzchen zieht ein!\" href=\"https:\/\/www.vom-taubertal.de\/blog\/ein-kaetzchen-zieht-ein\/\" target=\"_blank\" rel=\"noopener\">Hurra ein K\u00e4tzchen zieht ein &#8211; Teil 1<\/a><\/strong><\/span><\/li>\n<\/ul>\n<ul>\n<li><strong><a title=\"Hurra ein K\u00e4tzchen zieht ein \u2013 Teil 2\" href=\"https:\/\/www.vom-taubertal.de\/blog\/hurra-kaetzchen-zieht-teil-2\/\" target=\"_blank\" rel=\"noopener\">Hurra ein K\u00e4tzchen zieht ein &#8211; Teil 2<\/a><\/strong><\/li>\n<\/ul>\n<ul>\n<li><a href=\"https:\/\/www.vom-taubertal.de\/blog\/grundausstattung-fuer-katzen\/\" target=\"_blank\" rel=\"noopener\"><em><strong>Die richtige Grundausstattung<\/strong><\/em><\/a><\/li>\n<\/ul>\n<p><script>\/\/ <![CDATA[ google_ad_client = \"ca-pub-3363977028533397\"; \/* gro\u00dfer Banner *\/ google_ad_slot = \"3531969263\"; google_ad_width = 468; google_ad_height = 60; \/\/ ]]><\/script><br \/>\n<script src=\"\/\/pagead2.googlesyndication.com\/pagead\/show_ads.js\">\/\/ <![CDATA[ \/\/ ]]><\/script><\/p>\n<p>Hier noch ein, zwei Buchempfehlungen die vor der Anschaffung einer Katze sehr sinnvoll w\u00e4ren<\/p>\n<p><a href=\"http:\/\/www.amazon.de\/gp\/offer-listing\/3440112284\/ref=as_li_tf_il?ie=UTF8&amp;camp=1638&amp;creative=6742&amp;creativeASIN=3440112284&amp;linkCode=am2&amp;tag=crazcat-21\"><img loading=\"lazy\" decoding=\"async\" class=\"alignright\" src=\"http:\/\/ws-eu.amazon-adsystem.com\/widgets\/q?_encoding=UTF8&amp;ASIN=3440112284&amp;Format=_SL250_&amp;ID=AsinImage&amp;MarketPlace=DE&amp;ServiceVersion=20070822&amp;WS=1&amp;tag=crazcat-21\" alt=\"\" width=\"117\" height=\"168\" border=\"0\"><\/a> <span style=\"color: #000000;\"><strong><a href=\"http:\/\/www.amazon.de\/gp\/product\/3440112284\/ref=as_li_tf_tl?ie=UTF8&amp;camp=1638&amp;creative=6742&amp;creativeASIN=3440112284&amp;linkCode=as2&amp;tag=crazcat-21\"><span style=\"color: #000000;\">Kosmos Handbuch Katze<\/span><\/a><img loading=\"lazy\" decoding=\"async\" style=\"border: none !important; margin: 0px !important;\" src=\"http:\/\/ir-de.amazon-adsystem.com\/e\/ir?t=crazcat-21&amp;l=as2&amp;o=3&amp;a=3440112284\" alt=\"\" width=\"1\" height=\"1\" border=\"0\"> <\/strong><\/span>&#8211; ich habe im Laufe meines Lebens schon viele Katzenb\u00fccher in der Hand gehabt, manch weniger Gute, manche aktzeptablen und auch manche die wirklich sehr gut sind wozu zweifelsohne dieses Buch z\u00e4hlt. Hier wird verst\u00e4ndlich und doch relativ einfach alles erkl\u00e4rt was man als zuk\u00fcnftiger Katzenmensch wissen sollte und muss. Wenn man also sich mit dem Gedanken spielt demn\u00e4chst ein oder lieber zwei K\u00e4tzchen ein neues Zuhause zu geben sollte das Geld in dieses Buch investieren um den einen oder anderen Anf\u00e4ngerfehler zu vermeiden.<\/p>\n<p><span style=\"color: #ff0000;\"><strong><a href=\"http:\/\/www.amazon.de\/gp\/product\/3440112284\/ref=as_li_tf_tl?ie=UTF8&amp;camp=1638&amp;creative=6742&amp;creativeASIN=3440112284&amp;linkCode=as2&amp;tag=crazcat-21\"><span style=\"color: #ff0000;\">Kosmos Handbuch Katze &#8211; Marc Heppner, Renate Jones, Gabriele Metz<\/span><\/a><img loading=\"lazy\" decoding=\"async\" style=\"border: none !important; margin: 0px !important;\" src=\"http:\/\/ir-de.amazon-adsystem.com\/e\/ir?t=crazcat-21&amp;l=as2&amp;o=3&amp;a=3440112284\" alt=\"\" width=\"1\" height=\"1\" border=\"0\"><\/strong><\/span> <img loading=\"lazy\" decoding=\"async\" style=\"border: none !important; margin: 0px !important;\" src=\"http:\/\/ir-de.amazon-adsystem.com\/e\/ir?t=crazcat-21&amp;l=as2&amp;o=3&amp;a=3833824107\" alt=\"\" width=\"1\" height=\"1\" border=\"0\"><\/p>\n<p><a href=\"http:\/\/www.amazon.de\/gp\/offer-listing\/3833824107\/ref=as_li_tf_il?ie=UTF8&amp;camp=1638&amp;creative=6742&amp;creativeASIN=3833824107&amp;linkCode=am2&amp;tag=crazcat-21\"><img loading=\"lazy\" decoding=\"async\" class=\"alignleft\" src=\"http:\/\/ws-eu.amazon-adsystem.com\/widgets\/q?_encoding=UTF8&amp;ASIN=3833824107&amp;Format=_SL160_&amp;ID=AsinImage&amp;MarketPlace=DE&amp;ServiceVersion=20070822&amp;WS=1&amp;tag=crazcat-21\" alt=\"\" width=\"122\" height=\"160\" border=\"0\"><\/a><img loading=\"lazy\" decoding=\"async\" style=\"border: none !important; margin: 0px !important;\" src=\"http:\/\/ir-de.amazon-adsystem.com\/e\/ir?t=crazcat-21&amp;l=as2&amp;o=3&amp;a=3833824107\" alt=\"\" width=\"1\" height=\"1\" border=\"0\"><br \/>\n<span style=\"color: #000000;\"><strong><a href=\"http:\/\/www.amazon.de\/gp\/product\/3833824107\/ref=as_li_tf_tl?ie=UTF8&amp;camp=1638&amp;creative=6742&amp;creativeASIN=3833824107&amp;linkCode=as2&amp;tag=crazcat-21\"><span style=\"color: #000000;\">Wohnungskatzen<\/span><\/a><img loading=\"lazy\" decoding=\"async\" style=\"border: none !important; margin: 0px !important;\" src=\"http:\/\/ir-de.amazon-adsystem.com\/e\/ir?t=crazcat-21&amp;l=as2&amp;o=3&amp;a=3833824107\" alt=\"\" width=\"1\" height=\"1\" border=\"0\"> &#8211;<\/strong><\/span> Ein jeder Katzenhalter hat die Vorstellung und den Wunsch, dass sich seine Fellnase so wohl wie nur m\u00f6glich f\u00fchlt. Aber nicht alle k\u00f6nnen ihrer Katze Freigang gew\u00e4hren aber man kann auch seine Wohnung so katzengerecht wie m\u00f6glich machen. Hier in diesem Buch bekommt man Ratschl\u00e4ge und Tips. Die Katzen-Expertin Gabriele Linke-Gr\u00fcn zeigt ihnen viele kreative Einrichtungsideen. Aber auch die Langeweile wird hier vertrieben und es werden interessante Besch\u00e4ftigungsprogramme vorgestellt so das die Katze immer wieder gefordert wird und keine Langeweile aufkommt. Ein Buch das wirklich allen ans Herz gelegt werden sollte, die reine Wohnungskatzen haben. Langeweile war gestern sollte die Devise hei\u00dfen. Im \u00fcbrigen lohnt sich das Buch schon f\u00fcr die tollen Fotos. <span style=\"color: #ff0000;\"><strong><a href=\"http:\/\/www.amazon.de\/gp\/product\/3833824107\/ref=as_li_tf_tl?ie=UTF8&amp;camp=1638&amp;creative=6742&amp;creativeASIN=3833824107&amp;linkCode=as2&amp;tag=crazcat-21\"><span style=\"color: #ff0000;\">Wohnungskatzen von Gabriele Linke Gr\u00fcn erschienen im GU-Verlag<\/span><\/a><img loading=\"lazy\" decoding=\"async\" style=\"border: none !important; margin: 0px !important;\" src=\"http:\/\/ir-de.amazon-adsystem.com\/e\/ir?t=crazcat-21&amp;l=as2&amp;o=3&amp;a=3833824107\" alt=\"\" width=\"1\" height=\"1\" border=\"0\"><\/strong><\/span><br \/>\n<script>\/\/ <![CDATA[ google_ad_client = \"ca-pub-3363977028533397\"; \/* gro\u00dfer Banner *\/ google_ad_slot = \"3531969263\"; google_ad_width = 468; google_ad_height = 60; \/\/ ]]><\/script><br \/>\n<script src=\"\/\/pagead2.googlesyndication.com\/pagead\/show_ads.js\">\/\/ <![CDATA[ \/\/ ]]><\/script><\/p>\n<p><span style=\"border-radius: 2px; text-indent: 20px; width: auto; padding: 0px 4px 0px 0px; text-align: center; font: bold 11px\/20px 'Helvetica Neue',Helvetica,sans-serif; color: #ffffff; background: #bd081c no-repeat scroll 3px 50% \/ 14px 14px; position: absolute; opacity: 1; z-index: 8675309; display: none; cursor: pointer;\">Merken<\/span><\/p>\n","protected":false},"excerpt":{"rendered":"<p>Die Anschaffung einer Katze Hier ist eine Auflistung aller von mir erstellten Beitr\u00e4ge bez\u00fcglich der Anschaffung einer Katze und ich<\/p>\n","protected":false},"author":1,"featured_media":22055,"parent":0,"menu_order":0,"comment_status":"closed","ping_status":"open","template":"","meta":{"colormag_page_container_layout":"default_layout","colormag_page_sidebar_layout":"default_layout","sfsi_plus_gutenberg_text_before_share":"","sfsi_plus_gutenberg_show_text_before_share":"","sfsi_plus_gutenberg_icon_type":"","sfsi_plus_gutenberg_icon_alignemt":"","sfsi_plus_gutenburg_max_per_row":"","ngg_post_thumbnail":0,"footnotes":""},"class_list":["post-6453","page","type-page","status-publish","has-post-thumbnail","hentry"],"yoast_head":"<!-- This site is optimized with the Yoast SEO plugin v27.4 - https:\/\/yoast.com\/product\/yoast-seo-wordpress\/ -->\n<title>Anschaffung einer Katze - Taubertalperser<\/title>\n<meta name=\"description\" content=\"Hier erfahrt ihr alles Wissenswertes zur Anschaffung einer Katze.\" \/>\n<meta name=\"robots\" content=\"index, follow, max-snippet:-1, max-image-preview:large, max-video-preview:-1\" \/>\n<link rel=\"canonical\" href=\"https:\/\/www.vom-taubertal.de\/blog\/anschaffung-perserkatzen-taubertalperser\/\" \/>\n<meta property=\"og:locale\" content=\"de_DE\" \/>\n<meta property=\"og:type\" content=\"article\" \/>\n<meta property=\"og:title\" content=\"Anschaffung einer Katze - Taubertalperser\" \/>\n<meta property=\"og:description\" content=\"Hier erfahrt ihr alles Wissenswertes zur Anschaffung einer Katze.\" \/>\n<meta property=\"og:url\" content=\"https:\/\/www.vom-taubertal.de\/blog\/anschaffung-perserkatzen-taubertalperser\/\" \/>\n<meta property=\"og:site_name\" content=\"Die Taubertalperser\" \/>\n<meta property=\"article:modified_time\" content=\"2023-04-05T12:52:00+00:00\" \/>\n<meta property=\"og:image\" content=\"https:\/\/www.vom-taubertal.de\/blog\/wp-content\/uploads\/2018\/02\/K\u00e4tzchen-mit-K\u00f6pfchen-Taubertalperser-03.jpg\" \/>\n\t<meta property=\"og:image:width\" content=\"800\" \/>\n\t<meta property=\"og:image:height\" content=\"533\" \/>\n\t<meta property=\"og:image:type\" content=\"image\/jpeg\" \/>\n<meta name=\"twitter:label1\" content=\"Gesch\u00e4tzte Lesezeit\" \/>\n\t<meta name=\"twitter:data1\" content=\"4\u00a0Minuten\" \/>\n<script type=\"application\/ld+json\" class=\"yoast-schema-graph\">{\"@context\":\"https:\\\/\\\/schema.org\",\"@graph\":[{\"@type\":\"WebPage\",\"@id\":\"https:\\\/\\\/www.vom-taubertal.de\\\/blog\\\/anschaffung-perserkatzen-taubertalperser\\\/\",\"url\":\"https:\\\/\\\/www.vom-taubertal.de\\\/blog\\\/anschaffung-perserkatzen-taubertalperser\\\/\",\"name\":\"Anschaffung einer Katze - Taubertalperser\",\"isPartOf\":{\"@id\":\"https:\\\/\\\/www.vom-taubertal.de\\\/blog\\\/#website\"},\"primaryImageOfPage\":{\"@id\":\"https:\\\/\\\/www.vom-taubertal.de\\\/blog\\\/anschaffung-perserkatzen-taubertalperser\\\/#primaryimage\"},\"image\":{\"@id\":\"https:\\\/\\\/www.vom-taubertal.de\\\/blog\\\/anschaffung-perserkatzen-taubertalperser\\\/#primaryimage\"},\"thumbnailUrl\":\"https:\\\/\\\/i0.wp.com\\\/www.vom-taubertal.de\\\/blog\\\/wp-content\\\/uploads\\\/2018\\\/02\\\/K%C3%A4tzchen-mit-K%C3%B6pfchen-Taubertalperser-03.jpg?fit=800%2C533&quality=100&ssl=1\",\"datePublished\":\"2014-05-25T15:02:20+00:00\",\"dateModified\":\"2023-04-05T12:52:00+00:00\",\"description\":\"Hier erfahrt ihr alles Wissenswertes zur Anschaffung einer Katze.\",\"breadcrumb\":{\"@id\":\"https:\\\/\\\/www.vom-taubertal.de\\\/blog\\\/anschaffung-perserkatzen-taubertalperser\\\/#breadcrumb\"},\"inLanguage\":\"de\",\"potentialAction\":[{\"@type\":\"ReadAction\",\"target\":[\"https:\\\/\\\/www.vom-taubertal.de\\\/blog\\\/anschaffung-perserkatzen-taubertalperser\\\/\"]}]},{\"@type\":\"ImageObject\",\"inLanguage\":\"de\",\"@id\":\"https:\\\/\\\/www.vom-taubertal.de\\\/blog\\\/anschaffung-perserkatzen-taubertalperser\\\/#primaryimage\",\"url\":\"https:\\\/\\\/i0.wp.com\\\/www.vom-taubertal.de\\\/blog\\\/wp-content\\\/uploads\\\/2018\\\/02\\\/K%C3%A4tzchen-mit-K%C3%B6pfchen-Taubertalperser-03.jpg?fit=800%2C533&quality=100&ssl=1\",\"contentUrl\":\"https:\\\/\\\/i0.wp.com\\\/www.vom-taubertal.de\\\/blog\\\/wp-content\\\/uploads\\\/2018\\\/02\\\/K%C3%A4tzchen-mit-K%C3%B6pfchen-Taubertalperser-03.jpg?fit=800%2C533&quality=100&ssl=1\",\"width\":800,\"height\":533},{\"@type\":\"BreadcrumbList\",\"@id\":\"https:\\\/\\\/www.vom-taubertal.de\\\/blog\\\/anschaffung-perserkatzen-taubertalperser\\\/#breadcrumb\",\"itemListElement\":[{\"@type\":\"ListItem\",\"position\":1,\"name\":\"Home\",\"item\":\"https:\\\/\\\/www.vom-taubertal.de\\\/blog\\\/\"},{\"@type\":\"ListItem\",\"position\":2,\"name\":\"Anschaffung\"}]},{\"@type\":\"WebSite\",\"@id\":\"https:\\\/\\\/www.vom-taubertal.de\\\/blog\\\/#website\",\"url\":\"https:\\\/\\\/www.vom-taubertal.de\\\/blog\\\/\",\"name\":\"Die Taubertalperser\",\"description\":\"Alles \u00fcber und f\u00fcr Katzen \",\"publisher\":{\"@id\":\"https:\\\/\\\/www.vom-taubertal.de\\\/blog\\\/#\\\/schema\\\/person\\\/368654e092f5785df440fe834ecc3049\"},\"potentialAction\":[{\"@type\":\"SearchAction\",\"target\":{\"@type\":\"EntryPoint\",\"urlTemplate\":\"https:\\\/\\\/www.vom-taubertal.de\\\/blog\\\/?s={search_term_string}\"},\"query-input\":{\"@type\":\"PropertyValueSpecification\",\"valueRequired\":true,\"valueName\":\"search_term_string\"}}],\"inLanguage\":\"de\"},{\"@type\":[\"Person\",\"Organization\"],\"@id\":\"https:\\\/\\\/www.vom-taubertal.de\\\/blog\\\/#\\\/schema\\\/person\\\/368654e092f5785df440fe834ecc3049\",\"name\":\"afrank\",\"image\":{\"@type\":\"ImageObject\",\"inLanguage\":\"de\",\"@id\":\"https:\\\/\\\/www.vom-taubertal.de\\\/blog\\\/wp-content\\\/uploads\\\/2019\\\/03\\\/Andrea_Dividi_02.jpg\",\"url\":\"https:\\\/\\\/www.vom-taubertal.de\\\/blog\\\/wp-content\\\/uploads\\\/2019\\\/03\\\/Andrea_Dividi_02.jpg\",\"contentUrl\":\"https:\\\/\\\/www.vom-taubertal.de\\\/blog\\\/wp-content\\\/uploads\\\/2019\\\/03\\\/Andrea_Dividi_02.jpg\",\"width\":653,\"height\":800,\"caption\":\"afrank\"},\"logo\":{\"@id\":\"https:\\\/\\\/www.vom-taubertal.de\\\/blog\\\/wp-content\\\/uploads\\\/2019\\\/03\\\/Andrea_Dividi_02.jpg\"}}]}<\/script>\n<!-- \/ Yoast SEO plugin. -->","yoast_head_json":{"title":"Anschaffung einer Katze - Taubertalperser","description":"Hier erfahrt ihr alles Wissenswertes zur Anschaffung einer Katze.","robots":{"index":"index","follow":"follow","max-snippet":"max-snippet:-1","max-image-preview":"max-image-preview:large","max-video-preview":"max-video-preview:-1"},"canonical":"https:\/\/www.vom-taubertal.de\/blog\/anschaffung-perserkatzen-taubertalperser\/","og_locale":"de_DE","og_type":"article","og_title":"Anschaffung einer Katze - Taubertalperser","og_description":"Hier erfahrt ihr alles Wissenswertes zur Anschaffung einer Katze.","og_url":"https:\/\/www.vom-taubertal.de\/blog\/anschaffung-perserkatzen-taubertalperser\/","og_site_name":"Die Taubertalperser","article_modified_time":"2023-04-05T12:52:00+00:00","og_image":[{"width":800,"height":533,"url":"https:\/\/www.vom-taubertal.de\/blog\/wp-content\/uploads\/2018\/02\/K\u00e4tzchen-mit-K\u00f6pfchen-Taubertalperser-03.jpg","type":"image\/jpeg"}],"twitter_misc":{"Gesch\u00e4tzte Lesezeit":"4\u00a0Minuten"},"schema":{"@context":"https:\/\/schema.org","@graph":[{"@type":"WebPage","@id":"https:\/\/www.vom-taubertal.de\/blog\/anschaffung-perserkatzen-taubertalperser\/","url":"https:\/\/www.vom-taubertal.de\/blog\/anschaffung-perserkatzen-taubertalperser\/","name":"Anschaffung einer Katze - Taubertalperser","isPartOf":{"@id":"https:\/\/www.vom-taubertal.de\/blog\/#website"},"primaryImageOfPage":{"@id":"https:\/\/www.vom-taubertal.de\/blog\/anschaffung-perserkatzen-taubertalperser\/#primaryimage"},"image":{"@id":"https:\/\/www.vom-taubertal.de\/blog\/anschaffung-perserkatzen-taubertalperser\/#primaryimage"},"thumbnailUrl":"https:\/\/i0.wp.com\/www.vom-taubertal.de\/blog\/wp-content\/uploads\/2018\/02\/K%C3%A4tzchen-mit-K%C3%B6pfchen-Taubertalperser-03.jpg?fit=800%2C533&quality=100&ssl=1","datePublished":"2014-05-25T15:02:20+00:00","dateModified":"2023-04-05T12:52:00+00:00","description":"Hier erfahrt ihr alles Wissenswertes zur Anschaffung einer Katze.","breadcrumb":{"@id":"https:\/\/www.vom-taubertal.de\/blog\/anschaffung-perserkatzen-taubertalperser\/#breadcrumb"},"inLanguage":"de","potentialAction":[{"@type":"ReadAction","target":["https:\/\/www.vom-taubertal.de\/blog\/anschaffung-perserkatzen-taubertalperser\/"]}]},{"@type":"ImageObject","inLanguage":"de","@id":"https:\/\/www.vom-taubertal.de\/blog\/anschaffung-perserkatzen-taubertalperser\/#primaryimage","url":"https:\/\/i0.wp.com\/www.vom-taubertal.de\/blog\/wp-content\/uploads\/2018\/02\/K%C3%A4tzchen-mit-K%C3%B6pfchen-Taubertalperser-03.jpg?fit=800%2C533&quality=100&ssl=1","contentUrl":"https:\/\/i0.wp.com\/www.vom-taubertal.de\/blog\/wp-content\/uploads\/2018\/02\/K%C3%A4tzchen-mit-K%C3%B6pfchen-Taubertalperser-03.jpg?fit=800%2C533&quality=100&ssl=1","width":800,"height":533},{"@type":"BreadcrumbList","@id":"https:\/\/www.vom-taubertal.de\/blog\/anschaffung-perserkatzen-taubertalperser\/#breadcrumb","itemListElement":[{"@type":"ListItem","position":1,"name":"Home","item":"https:\/\/www.vom-taubertal.de\/blog\/"},{"@type":"ListItem","position":2,"name":"Anschaffung"}]},{"@type":"WebSite","@id":"https:\/\/www.vom-taubertal.de\/blog\/#website","url":"https:\/\/www.vom-taubertal.de\/blog\/","name":"Die Taubertalperser","description":"Alles \u00fcber und f\u00fcr Katzen ","publisher":{"@id":"https:\/\/www.vom-taubertal.de\/blog\/#\/schema\/person\/368654e092f5785df440fe834ecc3049"},"potentialAction":[{"@type":"SearchAction","target":{"@type":"EntryPoint","urlTemplate":"https:\/\/www.vom-taubertal.de\/blog\/?s={search_term_string}"},"query-input":{"@type":"PropertyValueSpecification","valueRequired":true,"valueName":"search_term_string"}}],"inLanguage":"de"},{"@type":["Person","Organization"],"@id":"https:\/\/www.vom-taubertal.de\/blog\/#\/schema\/person\/368654e092f5785df440fe834ecc3049","name":"afrank","image":{"@type":"ImageObject","inLanguage":"de","@id":"https:\/\/www.vom-taubertal.de\/blog\/wp-content\/uploads\/2019\/03\/Andrea_Dividi_02.jpg","url":"https:\/\/www.vom-taubertal.de\/blog\/wp-content\/uploads\/2019\/03\/Andrea_Dividi_02.jpg","contentUrl":"https:\/\/www.vom-taubertal.de\/blog\/wp-content\/uploads\/2019\/03\/Andrea_Dividi_02.jpg","width":653,"height":800,"caption":"afrank"},"logo":{"@id":"https:\/\/www.vom-taubertal.de\/blog\/wp-content\/uploads\/2019\/03\/Andrea_Dividi_02.jpg"}}]}},"jetpack_sharing_enabled":true,"_links":{"self":[{"href":"https:\/\/www.vom-taubertal.de\/blog\/wp-json\/wp\/v2\/pages\/6453","targetHints":{"allow":["GET"]}}],"collection":[{"href":"https:\/\/www.vom-taubertal.de\/blog\/wp-json\/wp\/v2\/pages"}],"about":[{"href":"https:\/\/www.vom-taubertal.de\/blog\/wp-json\/wp\/v2\/types\/page"}],"author":[{"embeddable":true,"href":"https:\/\/www.vom-taubertal.de\/blog\/wp-json\/wp\/v2\/users\/1"}],"replies":[{"embeddable":true,"href":"https:\/\/www.vom-taubertal.de\/blog\/wp-json\/wp\/v2\/comments?post=6453"}],"version-history":[{"count":40,"href":"https:\/\/www.vom-taubertal.de\/blog\/wp-json\/wp\/v2\/pages\/6453\/revisions"}],"predecessor-version":[{"id":34406,"href":"https:\/\/www.vom-taubertal.de\/blog\/wp-json\/wp\/v2\/pages\/6453\/revisions\/34406"}],"wp:featuredmedia":[{"embeddable":true,"href":"https:\/\/www.vom-taubertal.de\/blog\/wp-json\/wp\/v2\/media\/22055"}],"wp:attachment":[{"href":"https:\/\/www.vom-taubertal.de\/blog\/wp-json\/wp\/v2\/media?parent=6453"}],"curies":[{"name":"wp","href":"https:\/\/api.w.org\/{rel}","templated":true}]}}